{"id":719149,"date":"2024-10-15T18:15:59","date_gmt":"2024-10-15T16:15:59","guid":{"rendered":"https:\/\/streetmarkets.fr\/app\/produit\/robe-mini-imprime-pois\/"},"modified":"2024-10-15T18:16:32","modified_gmt":"2024-10-15T16:16:32","slug":"robe-mini-imprime-pois","status":"publish","type":"product","link":"https:\/\/streetmarkets.fr\/app\/produit\/robe-mini-imprime-pois\/","title":{"rendered":"ROBE MINI IMPRIM\u00c9 POIS"},"content":{"rendered":"<p>Mini robe style babydoll avec imprim\u00e9 pois. Col rond et manches longues. D\u00e9tail fronc\u00e9 ajust\u00e9 \u00e0 la taille. Le mannequin mesure 173 cm et porte une taille S.<\/p>\n<p>COMPOSITION: 100% Cotton.<\/p>\n","protected":false},"excerpt":{"rendered":"<p>Mini robe style babydoll avec imprim\u00e9 pois. Col rond et manches longues. D\u00e9tail fronc\u00e9 ajust\u00e9 \u00e0 la taille. Le mannequin mesure 173 cm et porte une taille S. COMPOSITION: 100% Cotton.<\/p>\n","protected":false},"featured_media":719150,"comment_status":"open","ping_status":"closed","template":"","meta":[],"product_brand":[],"product_cat":[1756,1758],"product_tag":[],"acf":[],"_links":{"self":[{"href":"https:\/\/streetmarkets.fr\/app\/wp-json\/wp\/v2\/product\/719149"}],"collection":[{"href":"https:\/\/streetmarkets.fr\/app\/wp-json\/wp\/v2\/product"}],"about":[{"href":"https:\/\/streetmarkets.fr\/app\/wp-json\/wp\/v2\/types\/product"}],"replies":[{"embeddable":true,"href":"https:\/\/streetmarkets.fr\/app\/wp-json\/wp\/v2\/comments?post=719149"}],"wp:featuredmedia":[{"embeddable":true,"href":"https:\/\/streetmarkets.fr\/app\/wp-json\/wp\/v2\/media\/719150"}],"wp:attachment":[{"href":"https:\/\/streetmarkets.fr\/app\/wp-json\/wp\/v2\/media?parent=719149"}],"wp:term":[{"taxonomy":"product_brand","embeddable":true,"href":"https:\/\/streetmarkets.fr\/app\/wp-json\/wp\/v2\/product_brand?post=719149"},{"taxonomy":"product_cat","embeddable":true,"href":"https:\/\/streetmarkets.fr\/app\/wp-json\/wp\/v2\/product_cat?post=719149"},{"taxonomy":"product_tag","embeddable":true,"href":"https:\/\/streetmarkets.fr\/app\/wp-json\/wp\/v2\/product_tag?post=719149"}],"curies":[{"name":"wp","href":"https:\/\/api.w.org\/{rel}","templated":true}]}}