{"id":719143,"date":"2024-10-15T18:15:59","date_gmt":"2024-10-15T16:15:59","guid":{"rendered":"https:\/\/streetmarkets.fr\/app\/produit\/robe-midi-imprime-floral\/"},"modified":"2024-10-15T18:16:32","modified_gmt":"2024-10-15T16:16:32","slug":"robe-midi-imprime-floral","status":"publish","type":"product","link":"https:\/\/streetmarkets.fr\/app\/produit\/robe-midi-imprime-floral\/","title":{"rendered":"ROBE MIDI IMPRIM\u00c9 FLORAL"},"content":{"rendered":"<p>Robe midi trap\u00e8ze \u00e0 imprim\u00e9 floral automnal. Avec col rond et manches longues. Coupe \u00e0 la taille avec fronces et \u00e9lastique au dos. Fermeture au dos avec ouverture et bouton. Poches lat\u00e9rales. Le mannequin mesure 178 cm et porte une taille S.<\/p>\n","protected":false},"excerpt":{"rendered":"<p>Robe midi trap\u00e8ze \u00e0 imprim\u00e9 floral automnal. Avec col rond et manches longues. Coupe \u00e0 la taille avec fronces et \u00e9lastique au dos. Fermeture au dos avec ouverture et bouton. Poches lat\u00e9rales. Le mannequin mesure 178 cm et porte une taille S.<\/p>\n","protected":false},"featured_media":719144,"comment_status":"open","ping_status":"closed","template":"","meta":[],"product_brand":[],"product_cat":[1756,1758],"product_tag":[],"acf":[],"_links":{"self":[{"href":"https:\/\/streetmarkets.fr\/app\/wp-json\/wp\/v2\/product\/719143"}],"collection":[{"href":"https:\/\/streetmarkets.fr\/app\/wp-json\/wp\/v2\/product"}],"about":[{"href":"https:\/\/streetmarkets.fr\/app\/wp-json\/wp\/v2\/types\/product"}],"replies":[{"embeddable":true,"href":"https:\/\/streetmarkets.fr\/app\/wp-json\/wp\/v2\/comments?post=719143"}],"wp:featuredmedia":[{"embeddable":true,"href":"https:\/\/streetmarkets.fr\/app\/wp-json\/wp\/v2\/media\/719144"}],"wp:attachment":[{"href":"https:\/\/streetmarkets.fr\/app\/wp-json\/wp\/v2\/media?parent=719143"}],"wp:term":[{"taxonomy":"product_brand","embeddable":true,"href":"https:\/\/streetmarkets.fr\/app\/wp-json\/wp\/v2\/product_brand?post=719143"},{"taxonomy":"product_cat","embeddable":true,"href":"https:\/\/streetmarkets.fr\/app\/wp-json\/wp\/v2\/product_cat?post=719143"},{"taxonomy":"product_tag","embeddable":true,"href":"https:\/\/streetmarkets.fr\/app\/wp-json\/wp\/v2\/product_tag?post=719143"}],"curies":[{"name":"wp","href":"https:\/\/api.w.org\/{rel}","templated":true}]}}