{"id":719137,"date":"2024-10-15T18:15:58","date_gmt":"2024-10-15T16:15:58","guid":{"rendered":"https:\/\/streetmarkets.fr\/app\/produit\/stella-pardo-cardigan-helene\/"},"modified":"2024-10-15T18:16:32","modified_gmt":"2024-10-15T16:16:32","slug":"stella-pardo-cardigan-helene","status":"publish","type":"product","link":"https:\/\/streetmarkets.fr\/app\/produit\/stella-pardo-cardigan-helene\/","title":{"rendered":"STELLA PARDO -CARDIGAN HELENE"},"content":{"rendered":"<p>Enti\u00e8rement tricot\u00e9 \u00e0 la main, le cardigan HELENE poss\u00e8de des \u00e9paules basses conf\u00e9rant \u00e0 la pi\u00e8ce une coupe oversized contrebalanc\u00e9e par la pr\u00e9sence de larges RIB c\u00f4tel\u00e9s. Son encolure ronde est&nbsp; ornement\u00e9e d&#8217;une ribambelle de volants harmonisant&nbsp;la pi\u00e8ce. Stella Pardo \u00e9quilibre la coupe avec une d\u00e9licate boutonni\u00e8re en maille et une jauge fine.<\/p>\n<p>S&#8217;associe parfaitement avec tous types de bas.<\/p>\n<p>COMPOSITION : 55% Baby Alpaga, 21% laine M\u00e9rinos, 24% Polyamide<\/p>\n<p>Le cardigan HELENE n\u00e9cessite 3 jours de travail.<\/p>\n<p>Notre mannequin fait une taille S et porte une taille S sur la photo.<\/p>\n<p>&nbsp;<\/p>\n","protected":false},"excerpt":{"rendered":"<p>Enti\u00e8rement tricot\u00e9 \u00e0 la main, le cardigan HELENE poss\u00e8de des \u00e9paules basses conf\u00e9rant \u00e0 la pi\u00e8ce une coupe oversized contrebalanc\u00e9e par la pr\u00e9sence de larges RIB c\u00f4tel\u00e9s. Son encolure ronde est&nbsp; ornement\u00e9e d&#8217;une ribambelle de volants harmonisant&nbsp;la pi\u00e8ce. Stella Pardo \u00e9quilibre la coupe avec une d\u00e9licate boutonni\u00e8re en maille et une jauge fine. S&#8217;associe parfaitement [&hellip;]<\/p>\n","protected":false},"featured_media":719138,"comment_status":"open","ping_status":"closed","template":"","meta":[],"product_brand":[],"product_cat":[1756,1758],"product_tag":[2244],"acf":[],"_links":{"self":[{"href":"https:\/\/streetmarkets.fr\/app\/wp-json\/wp\/v2\/product\/719137"}],"collection":[{"href":"https:\/\/streetmarkets.fr\/app\/wp-json\/wp\/v2\/product"}],"about":[{"href":"https:\/\/streetmarkets.fr\/app\/wp-json\/wp\/v2\/types\/product"}],"replies":[{"embeddable":true,"href":"https:\/\/streetmarkets.fr\/app\/wp-json\/wp\/v2\/comments?post=719137"}],"wp:featuredmedia":[{"embeddable":true,"href":"https:\/\/streetmarkets.fr\/app\/wp-json\/wp\/v2\/media\/719138"}],"wp:attachment":[{"href":"https:\/\/streetmarkets.fr\/app\/wp-json\/wp\/v2\/media?parent=719137"}],"wp:term":[{"taxonomy":"product_brand","embeddable":true,"href":"https:\/\/streetmarkets.fr\/app\/wp-json\/wp\/v2\/product_brand?post=719137"},{"taxonomy":"product_cat","embeddable":true,"href":"https:\/\/streetmarkets.fr\/app\/wp-json\/wp\/v2\/product_cat?post=719137"},{"taxonomy":"product_tag","embeddable":true,"href":"https:\/\/streetmarkets.fr\/app\/wp-json\/wp\/v2\/product_tag?post=719137"}],"curies":[{"name":"wp","href":"https:\/\/api.w.org\/{rel}","templated":true}]}}