{"id":719099,"date":"2024-10-15T18:15:57","date_gmt":"2024-10-15T16:15:57","guid":{"rendered":"https:\/\/streetmarkets.fr\/app\/produit\/chemise-imprime-a-carreaux-robe-midi\/"},"modified":"2024-10-15T18:16:32","modified_gmt":"2024-10-15T16:16:32","slug":"chemise-imprime-a-carreaux-robe-midi","status":"publish","type":"product","link":"https:\/\/streetmarkets.fr\/app\/produit\/chemise-imprime-a-carreaux-robe-midi\/","title":{"rendered":"CHEMISE IMPRIM\u00c9 \u00c0 CARREAUX ROBE MIDI"},"content":{"rendered":"<p>Robe midi style chemise avec imprim\u00e9 \u00e0 carreaux. Avec col chemise et manches longues. Fermeture devant avec boutons et ceinture. Le mannequin mesure 173 cm et porte une taille S.<\/p>\n<p>COMPOSICI\u00d3N: 100% Viscosa.<\/p>\n","protected":false},"excerpt":{"rendered":"<p>Robe midi style chemise avec imprim\u00e9 \u00e0 carreaux. Avec col chemise et manches longues. Fermeture devant avec boutons et ceinture. Le mannequin mesure 173 cm et porte une taille S. COMPOSICI\u00d3N: 100% Viscosa.<\/p>\n","protected":false},"featured_media":719100,"comment_status":"open","ping_status":"closed","template":"","meta":[],"product_brand":[],"product_cat":[1756,1758],"product_tag":[],"acf":[],"_links":{"self":[{"href":"https:\/\/streetmarkets.fr\/app\/wp-json\/wp\/v2\/product\/719099"}],"collection":[{"href":"https:\/\/streetmarkets.fr\/app\/wp-json\/wp\/v2\/product"}],"about":[{"href":"https:\/\/streetmarkets.fr\/app\/wp-json\/wp\/v2\/types\/product"}],"replies":[{"embeddable":true,"href":"https:\/\/streetmarkets.fr\/app\/wp-json\/wp\/v2\/comments?post=719099"}],"wp:featuredmedia":[{"embeddable":true,"href":"https:\/\/streetmarkets.fr\/app\/wp-json\/wp\/v2\/media\/719100"}],"wp:attachment":[{"href":"https:\/\/streetmarkets.fr\/app\/wp-json\/wp\/v2\/media?parent=719099"}],"wp:term":[{"taxonomy":"product_brand","embeddable":true,"href":"https:\/\/streetmarkets.fr\/app\/wp-json\/wp\/v2\/product_brand?post=719099"},{"taxonomy":"product_cat","embeddable":true,"href":"https:\/\/streetmarkets.fr\/app\/wp-json\/wp\/v2\/product_cat?post=719099"},{"taxonomy":"product_tag","embeddable":true,"href":"https:\/\/streetmarkets.fr\/app\/wp-json\/wp\/v2\/product_tag?post=719099"}],"curies":[{"name":"wp","href":"https:\/\/api.w.org\/{rel}","templated":true}]}}