{"id":719082,"date":"2024-10-15T18:15:55","date_gmt":"2024-10-15T16:15:55","guid":{"rendered":"https:\/\/streetmarkets.fr\/app\/produit\/dph-robe-roselina-tonka\/"},"modified":"2024-10-15T18:16:32","modified_gmt":"2024-10-15T16:16:32","slug":"dph-robe-roselina-tonka","status":"publish","type":"product","link":"https:\/\/streetmarkets.fr\/app\/produit\/dph-robe-roselina-tonka\/","title":{"rendered":"DPH- ROBE ROSELINA TONKA"},"content":{"rendered":"<p>Cet automne, la robe femme joue la carte graphique avec sa coupe structur\u00e9e et ses surpiq\u00fbres contrast\u00e9es pour une silhouette r\u00e9tro 90&#8217;s.<br \/>\u2022 Robe manches longues<br \/>\u2022 Coupe courte<br \/>\u2022 Col V effet cache-coeur<br \/>\u2022 D\u00e9coupes avec surpiq\u00fbres contrast\u00e9es<br \/>\u2022 Fermeture par bouton \u00e0 la taille<br \/>\u2022 Toile de coton \u00e9paisse<br \/>\u2022 Coloris Tonka : un marron franc et profond<br \/>\u2022 Mod\u00e8le dessin\u00e9 \u00e0 Paris par notre styliste<br \/>\u2022 Longueur : 89 cm sans la ceinture pour une taille 1<br \/>\u2022 Vitoria mesure 1m79 et porte une taille 1<\/p>\n<p>COMPOSITION<\/p>\n<p>100% COTON<\/p>\n","protected":false},"excerpt":{"rendered":"<p>Cet automne, la robe femme joue la carte graphique avec sa coupe structur\u00e9e et ses surpiq\u00fbres contrast\u00e9es pour une silhouette r\u00e9tro 90&#8217;s.\u2022 Robe manches longues\u2022 Coupe courte\u2022 Col V effet cache-coeur\u2022 D\u00e9coupes avec surpiq\u00fbres contrast\u00e9es\u2022 Fermeture par bouton \u00e0 la taille\u2022 Toile de coton \u00e9paisse\u2022 Coloris Tonka : un marron franc et profond\u2022 Mod\u00e8le dessin\u00e9 [&hellip;]<\/p>\n","protected":false},"featured_media":719083,"comment_status":"open","ping_status":"closed","template":"","meta":[],"product_brand":[],"product_cat":[1756,1758],"product_tag":[],"acf":[],"_links":{"self":[{"href":"https:\/\/streetmarkets.fr\/app\/wp-json\/wp\/v2\/product\/719082"}],"collection":[{"href":"https:\/\/streetmarkets.fr\/app\/wp-json\/wp\/v2\/product"}],"about":[{"href":"https:\/\/streetmarkets.fr\/app\/wp-json\/wp\/v2\/types\/product"}],"replies":[{"embeddable":true,"href":"https:\/\/streetmarkets.fr\/app\/wp-json\/wp\/v2\/comments?post=719082"}],"wp:featuredmedia":[{"embeddable":true,"href":"https:\/\/streetmarkets.fr\/app\/wp-json\/wp\/v2\/media\/719083"}],"wp:attachment":[{"href":"https:\/\/streetmarkets.fr\/app\/wp-json\/wp\/v2\/media?parent=719082"}],"wp:term":[{"taxonomy":"product_brand","embeddable":true,"href":"https:\/\/streetmarkets.fr\/app\/wp-json\/wp\/v2\/product_brand?post=719082"},{"taxonomy":"product_cat","embeddable":true,"href":"https:\/\/streetmarkets.fr\/app\/wp-json\/wp\/v2\/product_cat?post=719082"},{"taxonomy":"product_tag","embeddable":true,"href":"https:\/\/streetmarkets.fr\/app\/wp-json\/wp\/v2\/product_tag?post=719082"}],"curies":[{"name":"wp","href":"https:\/\/api.w.org\/{rel}","templated":true}]}}