{"id":719056,"date":"2024-10-15T18:15:54","date_gmt":"2024-10-15T16:15:54","guid":{"rendered":"https:\/\/streetmarkets.fr\/app\/produit\/combinaison-col-chemise-et-imprime-pois\/"},"modified":"2024-10-15T18:16:32","modified_gmt":"2024-10-15T16:16:32","slug":"combinaison-col-chemise-et-imprime-pois","status":"publish","type":"product","link":"https:\/\/streetmarkets.fr\/app\/produit\/combinaison-col-chemise-et-imprime-pois\/","title":{"rendered":"COMBINAISON COL CHEMISE ET IMPRIM\u00c9 POIS"},"content":{"rendered":"<p>Combinaison longue \u00e0 imprim\u00e9 pois. Avec col chemise et manches longues. Taille elastique. Fermeture devant avec boutons cach\u00e9s. Le mannequin mesure 173 cm et porte une taille S.<\/p>\n<p>&nbsp;<\/p>\n","protected":false},"excerpt":{"rendered":"<p>Combinaison longue \u00e0 imprim\u00e9 pois. Avec col chemise et manches longues. Taille elastique. Fermeture devant avec boutons cach\u00e9s. Le mannequin mesure 173 cm et porte une taille S. &nbsp;<\/p>\n","protected":false},"featured_media":719057,"comment_status":"open","ping_status":"closed","template":"","meta":[],"product_brand":[],"product_cat":[1756,1758],"product_tag":[],"acf":[],"_links":{"self":[{"href":"https:\/\/streetmarkets.fr\/app\/wp-json\/wp\/v2\/product\/719056"}],"collection":[{"href":"https:\/\/streetmarkets.fr\/app\/wp-json\/wp\/v2\/product"}],"about":[{"href":"https:\/\/streetmarkets.fr\/app\/wp-json\/wp\/v2\/types\/product"}],"replies":[{"embeddable":true,"href":"https:\/\/streetmarkets.fr\/app\/wp-json\/wp\/v2\/comments?post=719056"}],"wp:featuredmedia":[{"embeddable":true,"href":"https:\/\/streetmarkets.fr\/app\/wp-json\/wp\/v2\/media\/719057"}],"wp:attachment":[{"href":"https:\/\/streetmarkets.fr\/app\/wp-json\/wp\/v2\/media?parent=719056"}],"wp:term":[{"taxonomy":"product_brand","embeddable":true,"href":"https:\/\/streetmarkets.fr\/app\/wp-json\/wp\/v2\/product_brand?post=719056"},{"taxonomy":"product_cat","embeddable":true,"href":"https:\/\/streetmarkets.fr\/app\/wp-json\/wp\/v2\/product_cat?post=719056"},{"taxonomy":"product_tag","embeddable":true,"href":"https:\/\/streetmarkets.fr\/app\/wp-json\/wp\/v2\/product_tag?post=719056"}],"curies":[{"name":"wp","href":"https:\/\/api.w.org\/{rel}","templated":true}]}}