{"id":718332,"date":"2024-10-15T18:14:56","date_gmt":"2024-10-15T16:14:56","guid":{"rendered":"https:\/\/streetmarkets.fr\/app\/produit\/msch-hanalisa-myrina-wrap-dress-noir\/"},"modified":"2024-10-15T18:15:36","modified_gmt":"2024-10-15T16:15:36","slug":"msch-hanalisa-myrina-wrap-dress-noir","status":"publish","type":"product","link":"https:\/\/streetmarkets.fr\/app\/produit\/msch-hanalisa-myrina-wrap-dress-noir\/","title":{"rendered":"MSCH &#8211; Hanalisa Myrina Wrap Dress Noir"},"content":{"rendered":"<p>Cette robe a une coupe l\u00e9g\u00e8rement ample et comporte une ceinture \u00e0 nouer autour de la taille.<\/p>\n<p>&nbsp;<\/p>\n<p>Composition<\/p>\n<p>100 % polyester recycl\u00e9<\/p>\n","protected":false},"excerpt":{"rendered":"<p>Cette robe a une coupe l\u00e9g\u00e8rement ample et comporte une ceinture \u00e0 nouer autour de la taille. &nbsp; Composition 100 % polyester recycl\u00e9<\/p>\n","protected":false},"featured_media":718333,"comment_status":"open","ping_status":"closed","template":"","meta":[],"product_brand":[],"product_cat":[1756,1762],"product_tag":[],"acf":[],"_links":{"self":[{"href":"https:\/\/streetmarkets.fr\/app\/wp-json\/wp\/v2\/product\/718332"}],"collection":[{"href":"https:\/\/streetmarkets.fr\/app\/wp-json\/wp\/v2\/product"}],"about":[{"href":"https:\/\/streetmarkets.fr\/app\/wp-json\/wp\/v2\/types\/product"}],"replies":[{"embeddable":true,"href":"https:\/\/streetmarkets.fr\/app\/wp-json\/wp\/v2\/comments?post=718332"}],"wp:featuredmedia":[{"embeddable":true,"href":"https:\/\/streetmarkets.fr\/app\/wp-json\/wp\/v2\/media\/718333"}],"wp:attachment":[{"href":"https:\/\/streetmarkets.fr\/app\/wp-json\/wp\/v2\/media?parent=718332"}],"wp:term":[{"taxonomy":"product_brand","embeddable":true,"href":"https:\/\/streetmarkets.fr\/app\/wp-json\/wp\/v2\/product_brand?post=718332"},{"taxonomy":"product_cat","embeddable":true,"href":"https:\/\/streetmarkets.fr\/app\/wp-json\/wp\/v2\/product_cat?post=718332"},{"taxonomy":"product_tag","embeddable":true,"href":"https:\/\/streetmarkets.fr\/app\/wp-json\/wp\/v2\/product_tag?post=718332"}],"curies":[{"name":"wp","href":"https:\/\/api.w.org\/{rel}","templated":true}]}}