{"id":718262,"date":"2024-10-15T18:14:54","date_gmt":"2024-10-15T16:14:54","guid":{"rendered":"https:\/\/streetmarkets.fr\/app\/produit\/robe-a-line-cordon-et-imprime-cactus\/"},"modified":"2024-10-15T18:15:36","modified_gmt":"2024-10-15T16:15:36","slug":"robe-a-line-cordon-et-imprime-cactus","status":"publish","type":"product","link":"https:\/\/streetmarkets.fr\/app\/produit\/robe-a-line-cordon-et-imprime-cactus\/","title":{"rendered":"ROBE A-LINE , CORDON ET IMPRIM\u00c9 CACTUS"},"content":{"rendered":"<p>Robe trap\u00e8ze \u00e0 imprim\u00e9 cactus.<\/p>\n<p>Col en V avec cordon de serrage crois\u00e9.<\/p>\n<p>Manches courtes bouffantes.<\/p>\n<p>Longueur au-dessus du genou.<\/p>\n<p>Doublure int\u00e9rieure<\/p>\n<p>100% cotton&nbsp;<\/p>\n","protected":false},"excerpt":{"rendered":"<p>Robe trap\u00e8ze \u00e0 imprim\u00e9 cactus. Col en V avec cordon de serrage crois\u00e9. Manches courtes bouffantes. Longueur au-dessus du genou. Doublure int\u00e9rieure 100% cotton&nbsp;<\/p>\n","protected":false},"featured_media":718263,"comment_status":"open","ping_status":"closed","template":"","meta":[],"product_brand":[],"product_cat":[1756,1762],"product_tag":[],"acf":[],"_links":{"self":[{"href":"https:\/\/streetmarkets.fr\/app\/wp-json\/wp\/v2\/product\/718262"}],"collection":[{"href":"https:\/\/streetmarkets.fr\/app\/wp-json\/wp\/v2\/product"}],"about":[{"href":"https:\/\/streetmarkets.fr\/app\/wp-json\/wp\/v2\/types\/product"}],"replies":[{"embeddable":true,"href":"https:\/\/streetmarkets.fr\/app\/wp-json\/wp\/v2\/comments?post=718262"}],"wp:featuredmedia":[{"embeddable":true,"href":"https:\/\/streetmarkets.fr\/app\/wp-json\/wp\/v2\/media\/718263"}],"wp:attachment":[{"href":"https:\/\/streetmarkets.fr\/app\/wp-json\/wp\/v2\/media?parent=718262"}],"wp:term":[{"taxonomy":"product_brand","embeddable":true,"href":"https:\/\/streetmarkets.fr\/app\/wp-json\/wp\/v2\/product_brand?post=718262"},{"taxonomy":"product_cat","embeddable":true,"href":"https:\/\/streetmarkets.fr\/app\/wp-json\/wp\/v2\/product_cat?post=718262"},{"taxonomy":"product_tag","embeddable":true,"href":"https:\/\/streetmarkets.fr\/app\/wp-json\/wp\/v2\/product_tag?post=718262"}],"curies":[{"name":"wp","href":"https:\/\/api.w.org\/{rel}","templated":true}]}}