{"id":718099,"date":"2024-10-15T18:14:48","date_gmt":"2024-10-15T16:14:48","guid":{"rendered":"https:\/\/streetmarkets.fr\/app\/produit\/compania-fantastica-pull-en-maille-a-carreaux\/"},"modified":"2024-10-15T18:15:35","modified_gmt":"2024-10-15T16:15:35","slug":"compania-fantastica-pull-en-maille-a-carreaux","status":"publish","type":"product","link":"https:\/\/streetmarkets.fr\/app\/produit\/compania-fantastica-pull-en-maille-a-carreaux\/","title":{"rendered":"COMPANIA FANTASTICA &#8211; Pull en maille \u00e0 carreaux"},"content":{"rendered":"<p>Pull en maille \u00e0 imprim\u00e9 carreaux bleu marine, rose et blanc. Col rond et manches longues. D\u00e9tail de bordure c\u00f4tel\u00e9e contrastante.<\/p>\n<p>43C\/10217<\/p>\n<p>&nbsp;<\/p>\n<p>58% Acrylic &nbsp;<\/p>\n<p>27%Viscose &nbsp;<\/p>\n<p>15% Polymaide<\/p>\n","protected":false},"excerpt":{"rendered":"<p>Pull en maille \u00e0 imprim\u00e9 carreaux bleu marine, rose et blanc. Col rond et manches longues. D\u00e9tail de bordure c\u00f4tel\u00e9e contrastante. 43C\/10217 &nbsp; 58% Acrylic &nbsp; 27%Viscose &nbsp; 15% Polymaide<\/p>\n","protected":false},"featured_media":718100,"comment_status":"open","ping_status":"closed","template":"","meta":[],"product_brand":[],"product_cat":[1756,1762],"product_tag":[],"acf":[],"_links":{"self":[{"href":"https:\/\/streetmarkets.fr\/app\/wp-json\/wp\/v2\/product\/718099"}],"collection":[{"href":"https:\/\/streetmarkets.fr\/app\/wp-json\/wp\/v2\/product"}],"about":[{"href":"https:\/\/streetmarkets.fr\/app\/wp-json\/wp\/v2\/types\/product"}],"replies":[{"embeddable":true,"href":"https:\/\/streetmarkets.fr\/app\/wp-json\/wp\/v2\/comments?post=718099"}],"wp:featuredmedia":[{"embeddable":true,"href":"https:\/\/streetmarkets.fr\/app\/wp-json\/wp\/v2\/media\/718100"}],"wp:attachment":[{"href":"https:\/\/streetmarkets.fr\/app\/wp-json\/wp\/v2\/media?parent=718099"}],"wp:term":[{"taxonomy":"product_brand","embeddable":true,"href":"https:\/\/streetmarkets.fr\/app\/wp-json\/wp\/v2\/product_brand?post=718099"},{"taxonomy":"product_cat","embeddable":true,"href":"https:\/\/streetmarkets.fr\/app\/wp-json\/wp\/v2\/product_cat?post=718099"},{"taxonomy":"product_tag","embeddable":true,"href":"https:\/\/streetmarkets.fr\/app\/wp-json\/wp\/v2\/product_tag?post=718099"}],"curies":[{"name":"wp","href":"https:\/\/api.w.org\/{rel}","templated":true}]}}