{"id":717233,"date":"2024-10-15T18:13:17","date_gmt":"2024-10-15T16:13:17","guid":{"rendered":"https:\/\/streetmarkets.fr\/app\/produit\/maison-hotel-gabri-vest-sagittarius-midnight\/"},"modified":"2024-10-15T18:13:52","modified_gmt":"2024-10-15T16:13:52","slug":"maison-hotel-gabri-vest-sagittarius-midnight","status":"publish","type":"product","link":"https:\/\/streetmarkets.fr\/app\/produit\/maison-hotel-gabri-vest-sagittarius-midnight\/","title":{"rendered":"Maison Hotel &#8211; Gabri Vest &#8211; Sagittarius Midnight"},"content":{"rendered":"<p>Description<\/p>\n<p>D\u00e9tails<\/p>\n<p>Exp\u00e9dition<\/p>\n<p>Le gilet Gabri en Sagittaire de minuit.<\/p>\n<p>&nbsp;<\/p>\n<p>Ce gilet a le genre de d\u00e9tails qui parlent d&#8217;eux-m\u00eames. Une broderie riche sur un fond sombre le rend remarquable, sans chichis. Tout est une question de savoir-faire, vous offrant ce m\u00e9lange parfait de cool old-school et de modernit\u00e9.<\/p>\n<p>100% COTTON<\/p>\n","protected":false},"excerpt":{"rendered":"<p>Description D\u00e9tails Exp\u00e9dition Le gilet Gabri en Sagittaire de minuit. &nbsp; Ce gilet a le genre de d\u00e9tails qui parlent d&#8217;eux-m\u00eames. Une broderie riche sur un fond sombre le rend remarquable, sans chichis. Tout est une question de savoir-faire, vous offrant ce m\u00e9lange parfait de cool old-school et de modernit\u00e9. 100% COTTON<\/p>\n","protected":false},"featured_media":717234,"comment_status":"open","ping_status":"closed","template":"","meta":[],"product_brand":[],"product_cat":[1756,1758],"product_tag":[2244],"acf":[],"_links":{"self":[{"href":"https:\/\/streetmarkets.fr\/app\/wp-json\/wp\/v2\/product\/717233"}],"collection":[{"href":"https:\/\/streetmarkets.fr\/app\/wp-json\/wp\/v2\/product"}],"about":[{"href":"https:\/\/streetmarkets.fr\/app\/wp-json\/wp\/v2\/types\/product"}],"replies":[{"embeddable":true,"href":"https:\/\/streetmarkets.fr\/app\/wp-json\/wp\/v2\/comments?post=717233"}],"wp:featuredmedia":[{"embeddable":true,"href":"https:\/\/streetmarkets.fr\/app\/wp-json\/wp\/v2\/media\/717234"}],"wp:attachment":[{"href":"https:\/\/streetmarkets.fr\/app\/wp-json\/wp\/v2\/media?parent=717233"}],"wp:term":[{"taxonomy":"product_brand","embeddable":true,"href":"https:\/\/streetmarkets.fr\/app\/wp-json\/wp\/v2\/product_brand?post=717233"},{"taxonomy":"product_cat","embeddable":true,"href":"https:\/\/streetmarkets.fr\/app\/wp-json\/wp\/v2\/product_cat?post=717233"},{"taxonomy":"product_tag","embeddable":true,"href":"https:\/\/streetmarkets.fr\/app\/wp-json\/wp\/v2\/product_tag?post=717233"}],"curies":[{"name":"wp","href":"https:\/\/api.w.org\/{rel}","templated":true}]}}