{"id":716671,"date":"2024-10-15T18:12:30","date_gmt":"2024-10-15T16:12:30","guid":{"rendered":"https:\/\/streetmarkets.fr\/app\/produit\/maison-hotel-magnis-skirt-bright-sky\/"},"modified":"2024-10-15T18:13:00","modified_gmt":"2024-10-15T16:13:00","slug":"maison-hotel-magnis-skirt-bright-sky","status":"publish","type":"product","link":"https:\/\/streetmarkets.fr\/app\/produit\/maison-hotel-magnis-skirt-bright-sky\/","title":{"rendered":"Maison Hotel &#8211; Magnis Skirt &#8211; Bright Sky"},"content":{"rendered":"<p>La jupe Magnis en Bright Sky<\/p>\n<p>&nbsp;<\/p>\n<p>Notre jupe Magnis incarne l&#8217;esprit romantique boh\u00e8me. Le tissu flotte comme une brise sur les collines vallonn\u00e9es, offrant un mouvement \u00e0 la fois fluide et libre. Les tons terreux, rappelant les bois tachet\u00e9s de soleil et les feuilles d&#8217;automne, ajoutent une touche de charme rustique, tandis que les d\u00e9tails subtils l&#8217;\u00e9l\u00e8vent en quelque chose d&#8217;\u00e9l\u00e9gant et intemporel.<\/p>\n<p>&nbsp;<\/p>\n<p>Associ\u00e9e \u00e0 un tricot \u00e9pais, comme le pull Jane, et \u00e0 des bottes bien us\u00e9es, elle cr\u00e9e un look \u00e0 la fois ludique et r\u00e9aliste.<\/p>\n<p>&#8211; 100% Viscose.<\/p>\n","protected":false},"excerpt":{"rendered":"<p>La jupe Magnis en Bright Sky &nbsp; Notre jupe Magnis incarne l&#8217;esprit romantique boh\u00e8me. Le tissu flotte comme une brise sur les collines vallonn\u00e9es, offrant un mouvement \u00e0 la fois fluide et libre. Les tons terreux, rappelant les bois tachet\u00e9s de soleil et les feuilles d&#8217;automne, ajoutent une touche de charme rustique, tandis que les [&hellip;]<\/p>\n","protected":false},"featured_media":716673,"comment_status":"open","ping_status":"closed","template":"","meta":[],"product_brand":[7127],"product_cat":[1756,1758],"product_tag":[],"acf":[],"_links":{"self":[{"href":"https:\/\/streetmarkets.fr\/app\/wp-json\/wp\/v2\/product\/716671"}],"collection":[{"href":"https:\/\/streetmarkets.fr\/app\/wp-json\/wp\/v2\/product"}],"about":[{"href":"https:\/\/streetmarkets.fr\/app\/wp-json\/wp\/v2\/types\/product"}],"replies":[{"embeddable":true,"href":"https:\/\/streetmarkets.fr\/app\/wp-json\/wp\/v2\/comments?post=716671"}],"wp:featuredmedia":[{"embeddable":true,"href":"https:\/\/streetmarkets.fr\/app\/wp-json\/wp\/v2\/media\/716673"}],"wp:attachment":[{"href":"https:\/\/streetmarkets.fr\/app\/wp-json\/wp\/v2\/media?parent=716671"}],"wp:term":[{"taxonomy":"product_brand","embeddable":true,"href":"https:\/\/streetmarkets.fr\/app\/wp-json\/wp\/v2\/product_brand?post=716671"},{"taxonomy":"product_cat","embeddable":true,"href":"https:\/\/streetmarkets.fr\/app\/wp-json\/wp\/v2\/product_cat?post=716671"},{"taxonomy":"product_tag","embeddable":true,"href":"https:\/\/streetmarkets.fr\/app\/wp-json\/wp\/v2\/product_tag?post=716671"}],"curies":[{"name":"wp","href":"https:\/\/api.w.org\/{rel}","templated":true}]}}