{"id":716337,"date":"2024-10-15T18:11:49","date_gmt":"2024-10-15T16:11:49","guid":{"rendered":"https:\/\/streetmarkets.fr\/app\/produit\/lois-jeans-bleu-fonce\/"},"modified":"2024-10-15T18:12:14","modified_gmt":"2024-10-15T16:12:14","slug":"lois-jeans-bleu-fonce","status":"publish","type":"product","link":"https:\/\/streetmarkets.fr\/app\/produit\/lois-jeans-bleu-fonce\/","title":{"rendered":"Lois Jeans &#8211; Bleu Fonc\u00e9"},"content":{"rendered":"<p>Mati\u00e8res :&nbsp;99% COTON 1% \u00c9LASTHANNE<\/p>\n","protected":false},"excerpt":{"rendered":"<p>Mati\u00e8res :&nbsp;99% COTON 1% \u00c9LASTHANNE<\/p>\n","protected":false},"featured_media":716338,"comment_status":"open","ping_status":"closed","template":"","meta":[],"product_brand":[],"product_cat":[1756,1762],"product_tag":[],"acf":[],"_links":{"self":[{"href":"https:\/\/streetmarkets.fr\/app\/wp-json\/wp\/v2\/product\/716337"}],"collection":[{"href":"https:\/\/streetmarkets.fr\/app\/wp-json\/wp\/v2\/product"}],"about":[{"href":"https:\/\/streetmarkets.fr\/app\/wp-json\/wp\/v2\/types\/product"}],"replies":[{"embeddable":true,"href":"https:\/\/streetmarkets.fr\/app\/wp-json\/wp\/v2\/comments?post=716337"}],"wp:featuredmedia":[{"embeddable":true,"href":"https:\/\/streetmarkets.fr\/app\/wp-json\/wp\/v2\/media\/716338"}],"wp:attachment":[{"href":"https:\/\/streetmarkets.fr\/app\/wp-json\/wp\/v2\/media?parent=716337"}],"wp:term":[{"taxonomy":"product_brand","embeddable":true,"href":"https:\/\/streetmarkets.fr\/app\/wp-json\/wp\/v2\/product_brand?post=716337"},{"taxonomy":"product_cat","embeddable":true,"href":"https:\/\/streetmarkets.fr\/app\/wp-json\/wp\/v2\/product_cat?post=716337"},{"taxonomy":"product_tag","embeddable":true,"href":"https:\/\/streetmarkets.fr\/app\/wp-json\/wp\/v2\/product_tag?post=716337"}],"curies":[{"name":"wp","href":"https:\/\/api.w.org\/{rel}","templated":true}]}}