{"id":716322,"date":"2024-10-15T18:11:48","date_gmt":"2024-10-15T16:11:48","guid":{"rendered":"https:\/\/streetmarkets.fr\/app\/produit\/dph-jupe-virvolte-carreaux-gingembre\/"},"modified":"2024-10-15T18:12:14","modified_gmt":"2024-10-15T16:12:14","slug":"dph-jupe-virvolte-carreaux-gingembre","status":"publish","type":"product","link":"https:\/\/streetmarkets.fr\/app\/produit\/dph-jupe-virvolte-carreaux-gingembre\/","title":{"rendered":"DPH &#8211; JUPE VIRVOLTE CARREAUX GINGEMBRE"},"content":{"rendered":"<p>Carreaux fondus bicolore, liser\u00e9s de Lurex dor\u00e9, la jupe midi n&#8217;\u00e9chappe pas \u00e0 la tendance carreaux pour le plus grand plaisir des adeptes du motif graphique.<br \/>\u2022 Jupe longue \u00e0 carreaux<br \/>\u2022 Coupe ample<br \/>\u2022 Taille \u00e9lastiqu\u00e9e<br \/>\u2022 Jupe longue en tissu italien<br \/>\u2022 Imprim\u00e9 exclusif Des Petits Hauts &#8220;Gingembre&#8221; : un motif carreau fondu bicolore camel et kaki et d\u00e9tails de Lurex<br \/>\u2022 Mod\u00e8le dessin\u00e9 \u00e0 Paris par notre styliste<br \/>\u2022 Longueur : 83 cm pour une taille 1<br \/>\u2022 Martina mesure 1m71 et porte une taille 1<\/p>\n<p>COMPOSITION<\/p>\n<p>68% VISCOSE 29% LAINE 2% POLYAMIDE 1% POLYESTER<\/p>\n<p>Fabriqu\u00e9 en Turquie<\/p>\n<p>&nbsp;<\/p>\n<p>ENTRETIEN<\/p>\n<p>Lavage \u00e0 la main en eau froide.<\/p>\n","protected":false},"excerpt":{"rendered":"<p>Carreaux fondus bicolore, liser\u00e9s de Lurex dor\u00e9, la jupe midi n&#8217;\u00e9chappe pas \u00e0 la tendance carreaux pour le plus grand plaisir des adeptes du motif graphique.\u2022 Jupe longue \u00e0 carreaux\u2022 Coupe ample\u2022 Taille \u00e9lastiqu\u00e9e\u2022 Jupe longue en tissu italien\u2022 Imprim\u00e9 exclusif Des Petits Hauts &#8220;Gingembre&#8221; : un motif carreau fondu bicolore camel et kaki et [&hellip;]<\/p>\n","protected":false},"featured_media":716323,"comment_status":"open","ping_status":"closed","template":"","meta":[],"product_brand":[],"product_cat":[1756,1762],"product_tag":[],"acf":[],"_links":{"self":[{"href":"https:\/\/streetmarkets.fr\/app\/wp-json\/wp\/v2\/product\/716322"}],"collection":[{"href":"https:\/\/streetmarkets.fr\/app\/wp-json\/wp\/v2\/product"}],"about":[{"href":"https:\/\/streetmarkets.fr\/app\/wp-json\/wp\/v2\/types\/product"}],"replies":[{"embeddable":true,"href":"https:\/\/streetmarkets.fr\/app\/wp-json\/wp\/v2\/comments?post=716322"}],"wp:featuredmedia":[{"embeddable":true,"href":"https:\/\/streetmarkets.fr\/app\/wp-json\/wp\/v2\/media\/716323"}],"wp:attachment":[{"href":"https:\/\/streetmarkets.fr\/app\/wp-json\/wp\/v2\/media?parent=716322"}],"wp:term":[{"taxonomy":"product_brand","embeddable":true,"href":"https:\/\/streetmarkets.fr\/app\/wp-json\/wp\/v2\/product_brand?post=716322"},{"taxonomy":"product_cat","embeddable":true,"href":"https:\/\/streetmarkets.fr\/app\/wp-json\/wp\/v2\/product_cat?post=716322"},{"taxonomy":"product_tag","embeddable":true,"href":"https:\/\/streetmarkets.fr\/app\/wp-json\/wp\/v2\/product_tag?post=716322"}],"curies":[{"name":"wp","href":"https:\/\/api.w.org\/{rel}","templated":true}]}}