{"id":716293,"date":"2024-10-15T18:11:46","date_gmt":"2024-10-15T16:11:46","guid":{"rendered":"https:\/\/streetmarkets.fr\/app\/produit\/nunoo-helena-new-zealand-olive-w-gold\/"},"modified":"2024-10-15T18:12:14","modified_gmt":"2024-10-15T16:12:14","slug":"nunoo-helena-new-zealand-olive-w-gold","status":"publish","type":"product","link":"https:\/\/streetmarkets.fr\/app\/produit\/nunoo-helena-new-zealand-olive-w-gold\/","title":{"rendered":"N\u00fanoo &#8211; HELENA NEW ZEALAND OLIVE W. GOLD"},"content":{"rendered":"<p>Helena est notre c\u00e9l\u00e8bre cuir n\u00e9o-z\u00e9landais dans une superbe couleur vert olive. Le sac comporte un compartiment principal et trois compartiments plus petits. Helena est livr\u00e9 avec une bandouli\u00e8re en cuir r\u00e9glable et une cha\u00eene, vous permettant de le porter en bandouli\u00e8re.<\/p>\n<p>&nbsp;<\/p>\n<p>Qualit\u00e9 : 90 % cuir \/ 10 % coton<\/p>\n<p>Dimensions : H : 10 cm L : 17,5 cm P : 4 cm<\/p>\n","protected":false},"excerpt":{"rendered":"<p>Helena est notre c\u00e9l\u00e8bre cuir n\u00e9o-z\u00e9landais dans une superbe couleur vert olive. Le sac comporte un compartiment principal et trois compartiments plus petits. Helena est livr\u00e9 avec une bandouli\u00e8re en cuir r\u00e9glable et une cha\u00eene, vous permettant de le porter en bandouli\u00e8re. &nbsp; Qualit\u00e9 : 90 % cuir \/ 10 % coton Dimensions : H [&hellip;]<\/p>\n","protected":false},"featured_media":716294,"comment_status":"open","ping_status":"closed","template":"","meta":[],"product_brand":[],"product_cat":[1756,1764],"product_tag":[],"acf":[],"_links":{"self":[{"href":"https:\/\/streetmarkets.fr\/app\/wp-json\/wp\/v2\/product\/716293"}],"collection":[{"href":"https:\/\/streetmarkets.fr\/app\/wp-json\/wp\/v2\/product"}],"about":[{"href":"https:\/\/streetmarkets.fr\/app\/wp-json\/wp\/v2\/types\/product"}],"replies":[{"embeddable":true,"href":"https:\/\/streetmarkets.fr\/app\/wp-json\/wp\/v2\/comments?post=716293"}],"wp:featuredmedia":[{"embeddable":true,"href":"https:\/\/streetmarkets.fr\/app\/wp-json\/wp\/v2\/media\/716294"}],"wp:attachment":[{"href":"https:\/\/streetmarkets.fr\/app\/wp-json\/wp\/v2\/media?parent=716293"}],"wp:term":[{"taxonomy":"product_brand","embeddable":true,"href":"https:\/\/streetmarkets.fr\/app\/wp-json\/wp\/v2\/product_brand?post=716293"},{"taxonomy":"product_cat","embeddable":true,"href":"https:\/\/streetmarkets.fr\/app\/wp-json\/wp\/v2\/product_cat?post=716293"},{"taxonomy":"product_tag","embeddable":true,"href":"https:\/\/streetmarkets.fr\/app\/wp-json\/wp\/v2\/product_tag?post=716293"}],"curies":[{"name":"wp","href":"https:\/\/api.w.org\/{rel}","templated":true}]}}