{"id":716269,"date":"2024-10-15T18:11:44","date_gmt":"2024-10-15T16:11:44","guid":{"rendered":"https:\/\/streetmarkets.fr\/app\/produit\/nunoo-helena-recycled-cool-light-green\/"},"modified":"2024-10-15T18:12:13","modified_gmt":"2024-10-15T16:12:13","slug":"nunoo-helena-recycled-cool-light-green","status":"publish","type":"product","link":"https:\/\/streetmarkets.fr\/app\/produit\/nunoo-helena-recycled-cool-light-green\/","title":{"rendered":"N\u00fanoo &#8211; HELENA RECYCLED COOL LIGHT GREEN"},"content":{"rendered":"<p>Helena dans notre mat\u00e9riau recycl\u00e9 cool dans la plus belle couleur vert clair. Le sac a deux petites poches sur le devant, un compartiment l\u00e9g\u00e8rement plus grand et un compartiment principal avec une fermeture \u00e0 glissi\u00e8re. Le sac est livr\u00e9 avec une cha\u00eene et une bandouli\u00e8re r\u00e9glable. La cha\u00eene et la bandouli\u00e8re sont toutes deux d\u00e9tachables.<\/p>\n<p>&nbsp;<\/p>\n<p>Qualit\u00e9 : 8,0 % Bois\/30 % Polyur\u00e9thane\/4,0 % Autre\/ 18 % Polyur\u00e9thane recycl\u00e9 pr\u00e9-consommation\/40 % Polyster recycl\u00e9 post-consommation<\/p>\n<p>Dimensions : 7 H : 10 cm L : 17,5 cm P : 4 cm<\/p>\n","protected":false},"excerpt":{"rendered":"<p>Helena dans notre mat\u00e9riau recycl\u00e9 cool dans la plus belle couleur vert clair. Le sac a deux petites poches sur le devant, un compartiment l\u00e9g\u00e8rement plus grand et un compartiment principal avec une fermeture \u00e0 glissi\u00e8re. Le sac est livr\u00e9 avec une cha\u00eene et une bandouli\u00e8re r\u00e9glable. La cha\u00eene et la bandouli\u00e8re sont toutes deux [&hellip;]<\/p>\n","protected":false},"featured_media":716270,"comment_status":"open","ping_status":"closed","template":"","meta":[],"product_brand":[],"product_cat":[1756,1764],"product_tag":[1810],"acf":[],"_links":{"self":[{"href":"https:\/\/streetmarkets.fr\/app\/wp-json\/wp\/v2\/product\/716269"}],"collection":[{"href":"https:\/\/streetmarkets.fr\/app\/wp-json\/wp\/v2\/product"}],"about":[{"href":"https:\/\/streetmarkets.fr\/app\/wp-json\/wp\/v2\/types\/product"}],"replies":[{"embeddable":true,"href":"https:\/\/streetmarkets.fr\/app\/wp-json\/wp\/v2\/comments?post=716269"}],"wp:featuredmedia":[{"embeddable":true,"href":"https:\/\/streetmarkets.fr\/app\/wp-json\/wp\/v2\/media\/716270"}],"wp:attachment":[{"href":"https:\/\/streetmarkets.fr\/app\/wp-json\/wp\/v2\/media?parent=716269"}],"wp:term":[{"taxonomy":"product_brand","embeddable":true,"href":"https:\/\/streetmarkets.fr\/app\/wp-json\/wp\/v2\/product_brand?post=716269"},{"taxonomy":"product_cat","embeddable":true,"href":"https:\/\/streetmarkets.fr\/app\/wp-json\/wp\/v2\/product_cat?post=716269"},{"taxonomy":"product_tag","embeddable":true,"href":"https:\/\/streetmarkets.fr\/app\/wp-json\/wp\/v2\/product_tag?post=716269"}],"curies":[{"name":"wp","href":"https:\/\/api.w.org\/{rel}","templated":true}]}}