{"id":716221,"date":"2024-10-15T18:11:41","date_gmt":"2024-10-15T16:11:41","guid":{"rendered":"https:\/\/streetmarkets.fr\/app\/produit\/nunoo-sac-dagmar-rivet-washed-black\/"},"modified":"2024-10-15T18:12:12","modified_gmt":"2024-10-15T16:12:12","slug":"nunoo-sac-dagmar-rivet-washed-black","status":"publish","type":"product","link":"https:\/\/streetmarkets.fr\/app\/produit\/nunoo-sac-dagmar-rivet-washed-black\/","title":{"rendered":"N\u00fanoo &#8211; Sac Dagmar Rivet Washed Black"},"content":{"rendered":"<p>La mati\u00e8re du sac est du \u00ab cuir lav\u00e9 \u00bb. Le sac Dagmar poss\u00e8de un grand compartiment, deux poches int\u00e9rieures dont une se ferme par un zip. Le sac a une bandouli\u00e8re r\u00e9glable et une cha\u00eene amovible.<\/p>\n<p>&nbsp;<\/p>\n<p>Qualit\u00e9 : 90% Cuir \/ 10% Coton<\/p>\n<p>Dimensions : H : 23 cm L : 34 cm P : 18 cm<\/p>\n<p>&nbsp;<\/p>\n","protected":false},"excerpt":{"rendered":"<p>La mati\u00e8re du sac est du \u00ab cuir lav\u00e9 \u00bb. Le sac Dagmar poss\u00e8de un grand compartiment, deux poches int\u00e9rieures dont une se ferme par un zip. Le sac a une bandouli\u00e8re r\u00e9glable et une cha\u00eene amovible. &nbsp; Qualit\u00e9 : 90% Cuir \/ 10% Coton Dimensions : H : 23 cm L : 34 cm [&hellip;]<\/p>\n","protected":false},"featured_media":716222,"comment_status":"open","ping_status":"closed","template":"","meta":[],"product_brand":[],"product_cat":[1756,1764],"product_tag":[],"acf":[],"_links":{"self":[{"href":"https:\/\/streetmarkets.fr\/app\/wp-json\/wp\/v2\/product\/716221"}],"collection":[{"href":"https:\/\/streetmarkets.fr\/app\/wp-json\/wp\/v2\/product"}],"about":[{"href":"https:\/\/streetmarkets.fr\/app\/wp-json\/wp\/v2\/types\/product"}],"replies":[{"embeddable":true,"href":"https:\/\/streetmarkets.fr\/app\/wp-json\/wp\/v2\/comments?post=716221"}],"wp:featuredmedia":[{"embeddable":true,"href":"https:\/\/streetmarkets.fr\/app\/wp-json\/wp\/v2\/media\/716222"}],"wp:attachment":[{"href":"https:\/\/streetmarkets.fr\/app\/wp-json\/wp\/v2\/media?parent=716221"}],"wp:term":[{"taxonomy":"product_brand","embeddable":true,"href":"https:\/\/streetmarkets.fr\/app\/wp-json\/wp\/v2\/product_brand?post=716221"},{"taxonomy":"product_cat","embeddable":true,"href":"https:\/\/streetmarkets.fr\/app\/wp-json\/wp\/v2\/product_cat?post=716221"},{"taxonomy":"product_tag","embeddable":true,"href":"https:\/\/streetmarkets.fr\/app\/wp-json\/wp\/v2\/product_tag?post=716221"}],"curies":[{"name":"wp","href":"https:\/\/api.w.org\/{rel}","templated":true}]}}