{"id":716183,"date":"2024-10-15T18:11:15","date_gmt":"2024-10-15T16:11:15","guid":{"rendered":"https:\/\/streetmarkets.fr\/app\/produit\/nunoo-sac-palma-recycled-cool-silver\/"},"modified":"2024-10-15T18:11:38","modified_gmt":"2024-10-15T16:11:38","slug":"nunoo-sac-palma-recycled-cool-silver","status":"publish","type":"product","link":"https:\/\/streetmarkets.fr\/app\/produit\/nunoo-sac-palma-recycled-cool-silver\/","title":{"rendered":"N\u00fanoo &#8211; Sac Palma Recycled Cool Silver"},"content":{"rendered":"<p>Palma in cool est un petit sac, dot\u00e9 d&#8217;un compartiment qui se ferme gr\u00e2ce \u00e0 une fermeture \u00e9clair et une sangle magn\u00e9tique. Le sac a deux boucles \u00e0 l&#8217;ext\u00e9rieur.<\/p>\n<p>&nbsp;<\/p>\n<p>Le sac a une bandouli\u00e8re r\u00e9glable<\/p>\n<p>&nbsp;<\/p>\n<p>Qualit\u00e9 : 8,0% Bois\/30% Polyur\u00e9thane\/4,0% Autre\/ 18% Polyur\u00e9thane pr\u00e9-consommation recycl\u00e9\/40% Polyster post-consommation recycl\u00e9<\/p>\n<p>Dimensions : H : 20 cm L : 39 P : 5,5 cm<\/p>\n","protected":false},"excerpt":{"rendered":"<p>Palma in cool est un petit sac, dot\u00e9 d&#8217;un compartiment qui se ferme gr\u00e2ce \u00e0 une fermeture \u00e9clair et une sangle magn\u00e9tique. Le sac a deux boucles \u00e0 l&#8217;ext\u00e9rieur. &nbsp; Le sac a une bandouli\u00e8re r\u00e9glable &nbsp; Qualit\u00e9 : 8,0% Bois\/30% Polyur\u00e9thane\/4,0% Autre\/ 18% Polyur\u00e9thane pr\u00e9-consommation recycl\u00e9\/40% Polyster post-consommation recycl\u00e9 Dimensions : H : 20 [&hellip;]<\/p>\n","protected":false},"featured_media":716184,"comment_status":"open","ping_status":"closed","template":"","meta":[],"product_brand":[],"product_cat":[1756,1764],"product_tag":[1810],"acf":[],"_links":{"self":[{"href":"https:\/\/streetmarkets.fr\/app\/wp-json\/wp\/v2\/product\/716183"}],"collection":[{"href":"https:\/\/streetmarkets.fr\/app\/wp-json\/wp\/v2\/product"}],"about":[{"href":"https:\/\/streetmarkets.fr\/app\/wp-json\/wp\/v2\/types\/product"}],"replies":[{"embeddable":true,"href":"https:\/\/streetmarkets.fr\/app\/wp-json\/wp\/v2\/comments?post=716183"}],"wp:featuredmedia":[{"embeddable":true,"href":"https:\/\/streetmarkets.fr\/app\/wp-json\/wp\/v2\/media\/716184"}],"wp:attachment":[{"href":"https:\/\/streetmarkets.fr\/app\/wp-json\/wp\/v2\/media?parent=716183"}],"wp:term":[{"taxonomy":"product_brand","embeddable":true,"href":"https:\/\/streetmarkets.fr\/app\/wp-json\/wp\/v2\/product_brand?post=716183"},{"taxonomy":"product_cat","embeddable":true,"href":"https:\/\/streetmarkets.fr\/app\/wp-json\/wp\/v2\/product_cat?post=716183"},{"taxonomy":"product_tag","embeddable":true,"href":"https:\/\/streetmarkets.fr\/app\/wp-json\/wp\/v2\/product_tag?post=716183"}],"curies":[{"name":"wp","href":"https:\/\/api.w.org\/{rel}","templated":true}]}}