{"id":716087,"date":"2024-10-15T18:11:08","date_gmt":"2024-10-15T16:11:08","guid":{"rendered":"https:\/\/streetmarkets.fr\/app\/produit\/maison-hotel-wilson-blazer-grey-garden\/"},"modified":"2024-10-15T18:11:36","modified_gmt":"2024-10-15T16:11:36","slug":"maison-hotel-wilson-blazer-grey-garden","status":"publish","type":"product","link":"https:\/\/streetmarkets.fr\/app\/produit\/maison-hotel-wilson-blazer-grey-garden\/","title":{"rendered":"Maison Hotel &#8211; Wilson Blazer &#8211; Grey Garden"},"content":{"rendered":"<p>Le blazer Wilson en gris jardin.<\/p>\n<p>&nbsp;<\/p>\n<p>D\u00e9voilez les essentiels de votre garde-robe d&#8217;hiver avec notre blazer Wilson. Le tissu est un m\u00e9lange de laine soigneusement choisi, offrant \u00e0 la fois chaleur et texture raffin\u00e9e qui respire le luxe discret.<\/p>\n<p>&nbsp;<\/p>\n<p>Sa coupe ajust\u00e9e flatte la silhouette, avec une structure qui ajoute \u00e0 la fois confiance et prestance \u00e0 n&#8217;importe quelle tenue.<\/p>\n<p>&#8211; 22%WO 20%PC 35%PL 13%SE 10%VI.<\/p>\n<p>&#8211; Taille normalement &#8211; choisissez votre taille habituelle.<\/p>\n<p>&#8211; Si vous \u00eates entre deux tailles, choisissez la petite taille.<\/p>\n<p>&#8211; Le mannequin mesure 1,77 cm et porte une taille S.<\/p>\n<p>&#8211; Nous recommandons un nettoyage \u00e0 sec uniquement.<\/p>\n","protected":false},"excerpt":{"rendered":"<p>Le blazer Wilson en gris jardin. &nbsp; D\u00e9voilez les essentiels de votre garde-robe d&#8217;hiver avec notre blazer Wilson. Le tissu est un m\u00e9lange de laine soigneusement choisi, offrant \u00e0 la fois chaleur et texture raffin\u00e9e qui respire le luxe discret. &nbsp; Sa coupe ajust\u00e9e flatte la silhouette, avec une structure qui ajoute \u00e0 la fois [&hellip;]<\/p>\n","protected":false},"featured_media":716088,"comment_status":"open","ping_status":"closed","template":"","meta":[],"product_brand":[],"product_cat":[1756,1758],"product_tag":[],"acf":[],"_links":{"self":[{"href":"https:\/\/streetmarkets.fr\/app\/wp-json\/wp\/v2\/product\/716087"}],"collection":[{"href":"https:\/\/streetmarkets.fr\/app\/wp-json\/wp\/v2\/product"}],"about":[{"href":"https:\/\/streetmarkets.fr\/app\/wp-json\/wp\/v2\/types\/product"}],"replies":[{"embeddable":true,"href":"https:\/\/streetmarkets.fr\/app\/wp-json\/wp\/v2\/comments?post=716087"}],"wp:featuredmedia":[{"embeddable":true,"href":"https:\/\/streetmarkets.fr\/app\/wp-json\/wp\/v2\/media\/716088"}],"wp:attachment":[{"href":"https:\/\/streetmarkets.fr\/app\/wp-json\/wp\/v2\/media?parent=716087"}],"wp:term":[{"taxonomy":"product_brand","embeddable":true,"href":"https:\/\/streetmarkets.fr\/app\/wp-json\/wp\/v2\/product_brand?post=716087"},{"taxonomy":"product_cat","embeddable":true,"href":"https:\/\/streetmarkets.fr\/app\/wp-json\/wp\/v2\/product_cat?post=716087"},{"taxonomy":"product_tag","embeddable":true,"href":"https:\/\/streetmarkets.fr\/app\/wp-json\/wp\/v2\/product_tag?post=716087"}],"curies":[{"name":"wp","href":"https:\/\/api.w.org\/{rel}","templated":true}]}}