{"id":713084,"date":"2024-10-15T17:50:00","date_gmt":"2024-10-15T15:50:00","guid":{"rendered":"https:\/\/streetmarkets.fr\/app\/produit\/robe-dotty-en-coton-bio\/"},"modified":"2026-05-11T01:43:50","modified_gmt":"2026-05-10T23:43:50","slug":"robe-dotty-en-coton-bio","status":"publish","type":"product","link":"https:\/\/streetmarkets.fr\/app\/produit\/robe-dotty-en-coton-bio\/","title":{"rendered":"Robe Dotty en coton bio"},"content":{"rendered":"<ul>\n<li>robe <strong>chemise<\/strong>\n<\/li>\n<li>en <strong>jersey<\/strong> de coton bio<\/li>\n<li>imprim\u00e9 &#8220;<strong>pois<\/strong>&#8221; dotty\n<\/li>\n<li>coupe droite<\/li>\n<li>longueur midi<\/li>\n<li>lien \u00e0 la ceinture<\/li>\n<li>\n<strong>fentes<\/strong> sur les c\u00f4t\u00e9s<\/li>\n<li>manches longues\u00a0\u00a0<\/li>\n<li>2 boutons aux poignets\u00a0<\/li>\n<li>100% <strong>coton biologique <\/strong>certifi\u00e9<strong> Gots\u00a0<img decoding=\"async\" src=\"https:\/\/cdn.shopify.com\/s\/files\/1\/0365\/8730\/7148\/files\/badge-organic-gots_50x50.png?v=1589975978\" alt=\"\" data-mce-fragment=\"1\" data-mce-src=\"https:\/\/cdn.shopify.com\/s\/files\/1\/0365\/8730\/7148\/files\/badge-organic-gots_50x50.png?v=1589975978\"><\/strong>\n<\/li>\n<li>marque \u00e9thique anglaise\u00a0<strong>Nomads Clothing<\/strong>\n<\/li>\n<\/ul>\n","protected":false},"excerpt":{"rendered":"<p>robe chemise en jersey de coton bio imprim\u00e9 &#8220;pois&#8221; dotty coupe droite longueur midi lien \u00e0 la ceinture fentes sur les c\u00f4t\u00e9s manches longues\u00a0\u00a0 2 boutons aux poignets\u00a0 100% coton biologique certifi\u00e9 Gots\u00a0 marque \u00e9thique anglaise\u00a0Nomads Clothing<\/p>\n","protected":false},"featured_media":713085,"comment_status":"open","ping_status":"closed","template":"","meta":[],"product_brand":[],"product_cat":[1756,1762],"product_tag":[1810],"acf":[],"_links":{"self":[{"href":"https:\/\/streetmarkets.fr\/app\/wp-json\/wp\/v2\/product\/713084"}],"collection":[{"href":"https:\/\/streetmarkets.fr\/app\/wp-json\/wp\/v2\/product"}],"about":[{"href":"https:\/\/streetmarkets.fr\/app\/wp-json\/wp\/v2\/types\/product"}],"replies":[{"embeddable":true,"href":"https:\/\/streetmarkets.fr\/app\/wp-json\/wp\/v2\/comments?post=713084"}],"wp:featuredmedia":[{"embeddable":true,"href":"https:\/\/streetmarkets.fr\/app\/wp-json\/wp\/v2\/media\/713085"}],"wp:attachment":[{"href":"https:\/\/streetmarkets.fr\/app\/wp-json\/wp\/v2\/media?parent=713084"}],"wp:term":[{"taxonomy":"product_brand","embeddable":true,"href":"https:\/\/streetmarkets.fr\/app\/wp-json\/wp\/v2\/product_brand?post=713084"},{"taxonomy":"product_cat","embeddable":true,"href":"https:\/\/streetmarkets.fr\/app\/wp-json\/wp\/v2\/product_cat?post=713084"},{"taxonomy":"product_tag","embeddable":true,"href":"https:\/\/streetmarkets.fr\/app\/wp-json\/wp\/v2\/product_tag?post=713084"}],"curies":[{"name":"wp","href":"https:\/\/api.w.org\/{rel}","templated":true}]}}