{"id":712820,"date":"2024-10-15T17:49:14","date_gmt":"2024-10-15T15:49:14","guid":{"rendered":"https:\/\/streetmarkets.fr\/app\/produit\/top-hawai-en-ecovero\/"},"modified":"2026-04-22T01:43:39","modified_gmt":"2026-04-21T23:43:39","slug":"top-hawai-en-ecovero","status":"publish","type":"product","link":"https:\/\/streetmarkets.fr\/app\/produit\/top-hawai-en-ecovero\/","title":{"rendered":"Top Hawai en Ecovero"},"content":{"rendered":"<ul>\n<li>blouse en Ecovero\u00a0<\/li>\n<li>encolure V<\/li>\n<li>imprim\u00e9 <strong>fleurs blanches<\/strong> sur <strong>fond ocre<\/strong>\n<\/li>\n<li>enti\u00e8rement boutonn\u00e9e<\/li>\n<li>petites manches<\/li>\n<li>fronces &#8220;smocks&#8221; dans le dos\u00a0<\/li>\n<li>100% <strong>Ecovero<\/strong>, la viscose \u00e9cologique mise au point par <strong>Lenzing\u00a0<img decoding=\"async\" data-mce-fragment=\"1\" alt=\"\" src=\"https:\/\/cdn.shopify.com\/s\/files\/1\/0365\/8730\/7148\/files\/badge-ecovero_32x32.jpg?v=1589974738\" data-mce-src=\"https:\/\/cdn.shopify.com\/s\/files\/1\/0365\/8730\/7148\/files\/badge-ecovero_32x32.jpg?v=1589974738\"><\/strong>\n<\/li>\n<li>marque \u00e9thique allemande <strong>Tranquillo\u00a0<\/strong>\n<\/li>\n<\/ul>\n<ul><\/ul>\n","protected":false},"excerpt":{"rendered":"<p>blouse en Ecovero\u00a0 encolure V imprim\u00e9 fleurs blanches sur fond ocre enti\u00e8rement boutonn\u00e9e petites manches fronces &#8220;smocks&#8221; dans le dos\u00a0 100% Ecovero, la viscose \u00e9cologique mise au point par Lenzing\u00a0 marque \u00e9thique allemande Tranquillo\u00a0<\/p>\n","protected":false},"featured_media":712821,"comment_status":"open","ping_status":"closed","template":"","meta":[],"product_brand":[],"product_cat":[1756,1762],"product_tag":[1810],"acf":[],"_links":{"self":[{"href":"https:\/\/streetmarkets.fr\/app\/wp-json\/wp\/v2\/product\/712820"}],"collection":[{"href":"https:\/\/streetmarkets.fr\/app\/wp-json\/wp\/v2\/product"}],"about":[{"href":"https:\/\/streetmarkets.fr\/app\/wp-json\/wp\/v2\/types\/product"}],"replies":[{"embeddable":true,"href":"https:\/\/streetmarkets.fr\/app\/wp-json\/wp\/v2\/comments?post=712820"}],"wp:featuredmedia":[{"embeddable":true,"href":"https:\/\/streetmarkets.fr\/app\/wp-json\/wp\/v2\/media\/712821"}],"wp:attachment":[{"href":"https:\/\/streetmarkets.fr\/app\/wp-json\/wp\/v2\/media?parent=712820"}],"wp:term":[{"taxonomy":"product_brand","embeddable":true,"href":"https:\/\/streetmarkets.fr\/app\/wp-json\/wp\/v2\/product_brand?post=712820"},{"taxonomy":"product_cat","embeddable":true,"href":"https:\/\/streetmarkets.fr\/app\/wp-json\/wp\/v2\/product_cat?post=712820"},{"taxonomy":"product_tag","embeddable":true,"href":"https:\/\/streetmarkets.fr\/app\/wp-json\/wp\/v2\/product_tag?post=712820"}],"curies":[{"name":"wp","href":"https:\/\/api.w.org\/{rel}","templated":true}]}}