{"id":712587,"date":"2024-10-15T17:48:39","date_gmt":"2024-10-15T15:48:39","guid":{"rendered":"https:\/\/streetmarkets.fr\/app\/produit\/top-blanc-dentelle-en-coton-flamme\/"},"modified":"2026-05-11T01:43:37","modified_gmt":"2026-05-10T23:43:37","slug":"top-blanc-dentelle-en-coton-flamme","status":"publish","type":"product","link":"https:\/\/streetmarkets.fr\/app\/produit\/top-blanc-dentelle-en-coton-flamme\/","title":{"rendered":"top blanc dentelle en coton flamm\u00e9"},"content":{"rendered":"<ul>\n<li>top blanc en <strong>coton flamm\u00e9<\/strong>\n<\/li>\n<li>d\u00e9tail <strong>dentelle<\/strong> en V et sous la poitrine<\/li>\n<li>sans manches<\/li>\n<li>100% <strong>coton tiss\u00e9<\/strong>\n<\/li>\n<li>marque \u00e9thique anglaise\u00a0<strong>Nomads Clothing<\/strong>\n<\/li>\n<\/ul>\n","protected":false},"excerpt":{"rendered":"<p>top blanc en coton flamm\u00e9 d\u00e9tail dentelle en V et sous la poitrine sans manches 100% coton tiss\u00e9 marque \u00e9thique anglaise\u00a0Nomads Clothing<\/p>\n","protected":false},"featured_media":712588,"comment_status":"open","ping_status":"closed","template":"","meta":[],"product_brand":[],"product_cat":[1756,1758],"product_tag":[1810],"acf":[],"_links":{"self":[{"href":"https:\/\/streetmarkets.fr\/app\/wp-json\/wp\/v2\/product\/712587"}],"collection":[{"href":"https:\/\/streetmarkets.fr\/app\/wp-json\/wp\/v2\/product"}],"about":[{"href":"https:\/\/streetmarkets.fr\/app\/wp-json\/wp\/v2\/types\/product"}],"replies":[{"embeddable":true,"href":"https:\/\/streetmarkets.fr\/app\/wp-json\/wp\/v2\/comments?post=712587"}],"wp:featuredmedia":[{"embeddable":true,"href":"https:\/\/streetmarkets.fr\/app\/wp-json\/wp\/v2\/media\/712588"}],"wp:attachment":[{"href":"https:\/\/streetmarkets.fr\/app\/wp-json\/wp\/v2\/media?parent=712587"}],"wp:term":[{"taxonomy":"product_brand","embeddable":true,"href":"https:\/\/streetmarkets.fr\/app\/wp-json\/wp\/v2\/product_brand?post=712587"},{"taxonomy":"product_cat","embeddable":true,"href":"https:\/\/streetmarkets.fr\/app\/wp-json\/wp\/v2\/product_cat?post=712587"},{"taxonomy":"product_tag","embeddable":true,"href":"https:\/\/streetmarkets.fr\/app\/wp-json\/wp\/v2\/product_tag?post=712587"}],"curies":[{"name":"wp","href":"https:\/\/api.w.org\/{rel}","templated":true}]}}