{"id":712398,"date":"2024-10-15T17:48:00","date_gmt":"2024-10-15T15:48:00","guid":{"rendered":"https:\/\/streetmarkets.fr\/app\/produit\/jupe-rayures-en-coton-bio\/"},"modified":"2026-04-20T01:43:30","modified_gmt":"2026-04-19T23:43:30","slug":"jupe-rayures-en-coton-bio","status":"publish","type":"product","link":"https:\/\/streetmarkets.fr\/app\/produit\/jupe-rayures-en-coton-bio\/","title":{"rendered":"Jupe rayures en coton bio"},"content":{"rendered":"<ul>\n<li>jupe midi \u00e9vas\u00e9e<\/li>\n<li>\n<strong>rayures<\/strong> rouge, bleu, beige<\/li>\n<li>boutons sur le devant<\/li>\n<li>100%<strong> coton bio certifi\u00e9 GOTS <\/strong>\n<\/li>\n<li>\n<strong><\/strong>marque \u00e9thique allemande <strong>Tranquillo\u00a0<\/strong>\n<\/li>\n<\/ul>\n<ul><\/ul>\n","protected":false},"excerpt":{"rendered":"<p>jupe midi \u00e9vas\u00e9e rayures rouge, bleu, beige boutons sur le devant 100% coton bio certifi\u00e9 GOTS marque \u00e9thique allemande Tranquillo\u00a0<\/p>\n","protected":false},"featured_media":712399,"comment_status":"open","ping_status":"closed","template":"","meta":[],"product_brand":[],"product_cat":[1756,1762],"product_tag":[1810],"acf":[],"_links":{"self":[{"href":"https:\/\/streetmarkets.fr\/app\/wp-json\/wp\/v2\/product\/712398"}],"collection":[{"href":"https:\/\/streetmarkets.fr\/app\/wp-json\/wp\/v2\/product"}],"about":[{"href":"https:\/\/streetmarkets.fr\/app\/wp-json\/wp\/v2\/types\/product"}],"replies":[{"embeddable":true,"href":"https:\/\/streetmarkets.fr\/app\/wp-json\/wp\/v2\/comments?post=712398"}],"wp:featuredmedia":[{"embeddable":true,"href":"https:\/\/streetmarkets.fr\/app\/wp-json\/wp\/v2\/media\/712399"}],"wp:attachment":[{"href":"https:\/\/streetmarkets.fr\/app\/wp-json\/wp\/v2\/media?parent=712398"}],"wp:term":[{"taxonomy":"product_brand","embeddable":true,"href":"https:\/\/streetmarkets.fr\/app\/wp-json\/wp\/v2\/product_brand?post=712398"},{"taxonomy":"product_cat","embeddable":true,"href":"https:\/\/streetmarkets.fr\/app\/wp-json\/wp\/v2\/product_cat?post=712398"},{"taxonomy":"product_tag","embeddable":true,"href":"https:\/\/streetmarkets.fr\/app\/wp-json\/wp\/v2\/product_tag?post=712398"}],"curies":[{"name":"wp","href":"https:\/\/api.w.org\/{rel}","templated":true}]}}