{"id":712226,"date":"2024-10-15T17:47:00","date_gmt":"2024-10-15T15:47:00","guid":{"rendered":"https:\/\/streetmarkets.fr\/app\/produit\/porte-monnaie-juliet-brode\/"},"modified":"2026-04-29T01:43:08","modified_gmt":"2026-04-28T23:43:08","slug":"porte-monnaie-juliet-brode","status":"publish","type":"product","link":"https:\/\/streetmarkets.fr\/app\/produit\/porte-monnaie-juliet-brode\/","title":{"rendered":"Porte monnaie Juliet brod\u00e9"},"content":{"rendered":"<ul>\n<li>pochette<b> brod\u00e9e<\/b>\n<\/li>\n<li>en laine<\/li>\n<li>int\u00e9rieur satin\u00e9 en<strong> polyester recycl\u00e9 <\/strong>(labellis\u00e9 GRS)<\/li>\n<li>petit compartiment ext\u00e9rieur ferm\u00e9 par un zip<\/li>\n<li>17 cm x 12 cm<\/li>\n<li>r\u00e9alis\u00e9 au Vietnam par un atelier de <strong>commerce \u00e9quitable<\/strong> labellis\u00e9 <strong>WFTO<\/strong> (<strong>World Fairtrade Organization<\/strong>)<\/li>\n<li>marque <strong>Earth Squared Ltd <\/strong>(membre de la<strong>\u00a0<span>British Association of Fair Trade Shops and Suppliers : BAFTS <\/span><\/strong>et labellis\u00e9e<strong><span> B-CORP<\/span><\/strong>)<\/li>\n<\/ul>\n","protected":false},"excerpt":{"rendered":"<p>pochette brod\u00e9e en laine int\u00e9rieur satin\u00e9 en polyester recycl\u00e9 (labellis\u00e9 GRS) petit compartiment ext\u00e9rieur ferm\u00e9 par un zip 17 cm x 12 cm r\u00e9alis\u00e9 au Vietnam par un atelier de commerce \u00e9quitable labellis\u00e9 WFTO (World Fairtrade Organization) marque Earth Squared Ltd (membre de la\u00a0British Association of Fair Trade Shops and Suppliers : BAFTS et labellis\u00e9e [&hellip;]<\/p>\n","protected":false},"featured_media":712227,"comment_status":"open","ping_status":"closed","template":"","meta":[],"product_brand":[],"product_cat":[1756,1764],"product_tag":[1810,1813],"acf":[],"_links":{"self":[{"href":"https:\/\/streetmarkets.fr\/app\/wp-json\/wp\/v2\/product\/712226"}],"collection":[{"href":"https:\/\/streetmarkets.fr\/app\/wp-json\/wp\/v2\/product"}],"about":[{"href":"https:\/\/streetmarkets.fr\/app\/wp-json\/wp\/v2\/types\/product"}],"replies":[{"embeddable":true,"href":"https:\/\/streetmarkets.fr\/app\/wp-json\/wp\/v2\/comments?post=712226"}],"wp:featuredmedia":[{"embeddable":true,"href":"https:\/\/streetmarkets.fr\/app\/wp-json\/wp\/v2\/media\/712227"}],"wp:attachment":[{"href":"https:\/\/streetmarkets.fr\/app\/wp-json\/wp\/v2\/media?parent=712226"}],"wp:term":[{"taxonomy":"product_brand","embeddable":true,"href":"https:\/\/streetmarkets.fr\/app\/wp-json\/wp\/v2\/product_brand?post=712226"},{"taxonomy":"product_cat","embeddable":true,"href":"https:\/\/streetmarkets.fr\/app\/wp-json\/wp\/v2\/product_cat?post=712226"},{"taxonomy":"product_tag","embeddable":true,"href":"https:\/\/streetmarkets.fr\/app\/wp-json\/wp\/v2\/product_tag?post=712226"}],"curies":[{"name":"wp","href":"https:\/\/api.w.org\/{rel}","templated":true}]}}