{"id":711911,"date":"2024-10-15T17:46:13","date_gmt":"2024-10-15T15:46:13","guid":{"rendered":"https:\/\/streetmarkets.fr\/app\/produit\/bague-reglable-en-alu-brosse-et-bois\/"},"modified":"2026-05-11T01:43:23","modified_gmt":"2026-05-10T23:43:23","slug":"bague-reglable-en-alu-brosse-et-bois","status":"publish","type":"product","link":"https:\/\/streetmarkets.fr\/app\/produit\/bague-reglable-en-alu-brosse-et-bois\/","title":{"rendered":"Bague r\u00e9glable en alu bross\u00e9 et bois"},"content":{"rendered":"<ul>\n<li>bague ronde en bois color\u00e9 et anneau en alu bross\u00e9 argent\u00e9<\/li>\n<li>motif triangle dor\u00e9<\/li>\n<li>\n<strong>r\u00e9glable\u00a0<\/strong>\u00a0<\/li>\n<li>garantie <strong>sans nickel<\/strong>\n<\/li>\n<li>r\u00e9alis\u00e9 \u00e0 la main dans un atelier aux Pays Bas<\/li>\n<li><strong>Commerce \u00e9quitable<\/strong><\/li>\n<li>marque<strong> Culture Mix<\/strong>\n<\/li>\n<\/ul>\n","protected":false},"excerpt":{"rendered":"<p>bague ronde en bois color\u00e9 et anneau en alu bross\u00e9 argent\u00e9 motif triangle dor\u00e9 r\u00e9glable\u00a0\u00a0 garantie sans nickel r\u00e9alis\u00e9 \u00e0 la main dans un atelier aux Pays Bas Commerce \u00e9quitable marque Culture Mix<\/p>\n","protected":false},"featured_media":711912,"comment_status":"open","ping_status":"closed","template":"","meta":[],"product_brand":[],"product_cat":[1807,1756],"product_tag":[1810,1813],"acf":[],"_links":{"self":[{"href":"https:\/\/streetmarkets.fr\/app\/wp-json\/wp\/v2\/product\/711911"}],"collection":[{"href":"https:\/\/streetmarkets.fr\/app\/wp-json\/wp\/v2\/product"}],"about":[{"href":"https:\/\/streetmarkets.fr\/app\/wp-json\/wp\/v2\/types\/product"}],"replies":[{"embeddable":true,"href":"https:\/\/streetmarkets.fr\/app\/wp-json\/wp\/v2\/comments?post=711911"}],"wp:featuredmedia":[{"embeddable":true,"href":"https:\/\/streetmarkets.fr\/app\/wp-json\/wp\/v2\/media\/711912"}],"wp:attachment":[{"href":"https:\/\/streetmarkets.fr\/app\/wp-json\/wp\/v2\/media?parent=711911"}],"wp:term":[{"taxonomy":"product_brand","embeddable":true,"href":"https:\/\/streetmarkets.fr\/app\/wp-json\/wp\/v2\/product_brand?post=711911"},{"taxonomy":"product_cat","embeddable":true,"href":"https:\/\/streetmarkets.fr\/app\/wp-json\/wp\/v2\/product_cat?post=711911"},{"taxonomy":"product_tag","embeddable":true,"href":"https:\/\/streetmarkets.fr\/app\/wp-json\/wp\/v2\/product_tag?post=711911"}],"curies":[{"name":"wp","href":"https:\/\/api.w.org\/{rel}","templated":true}]}}