{"id":711712,"date":"2024-10-15T17:45:00","date_gmt":"2024-10-15T15:45:00","guid":{"rendered":"https:\/\/streetmarkets.fr\/app\/produit\/jupe-smoke-green-en-velours-de-coton-bio\/"},"modified":"2026-05-04T01:43:28","modified_gmt":"2026-05-03T23:43:28","slug":"jupe-smoke-green-en-velours-de-coton-bio","status":"publish","type":"product","link":"https:\/\/streetmarkets.fr\/app\/produit\/jupe-smoke-green-en-velours-de-coton-bio\/","title":{"rendered":"Jupe Smoke green en velours de coton bio"},"content":{"rendered":"<ul>\n<li>\n<strong>jupe<\/strong>\u00a0midi en velours c\u00f4tel\u00e9<\/li>\n<li>coloris &#8220;<b>smoke green<\/b>&#8220;<\/li>\n<li>4 boutons en m\u00e9tal<\/li>\n<li>poches c\u00f4t\u00e9s<\/li>\n<li>coupe &#8220;jean&#8221;\u00a0<\/li>\n<li>97 % <strong>coton bio<\/strong>\u00a0certifi\u00e9 Gots (<span data-mce-fragment=\"1\">\u00a0CU844876),<\/span>\u00a03% \u00e9lasthanne<\/li>\n<li>marque \u00e9coresponsable allemande\u00a0<strong>Tranquillo<\/strong>\n<\/li>\n<\/ul>\n","protected":false},"excerpt":{"rendered":"<p>jupe\u00a0midi en velours c\u00f4tel\u00e9 coloris &#8220;smoke green&#8220; 4 boutons en m\u00e9tal poches c\u00f4t\u00e9s coupe &#8220;jean&#8221;\u00a0 97 % coton bio\u00a0certifi\u00e9 Gots (\u00a0CU844876),\u00a03% \u00e9lasthanne marque \u00e9coresponsable allemande\u00a0Tranquillo<\/p>\n","protected":false},"featured_media":711713,"comment_status":"open","ping_status":"closed","template":"","meta":[],"product_brand":[],"product_cat":[1756,1758],"product_tag":[1810],"acf":[],"_links":{"self":[{"href":"https:\/\/streetmarkets.fr\/app\/wp-json\/wp\/v2\/product\/711712"}],"collection":[{"href":"https:\/\/streetmarkets.fr\/app\/wp-json\/wp\/v2\/product"}],"about":[{"href":"https:\/\/streetmarkets.fr\/app\/wp-json\/wp\/v2\/types\/product"}],"replies":[{"embeddable":true,"href":"https:\/\/streetmarkets.fr\/app\/wp-json\/wp\/v2\/comments?post=711712"}],"wp:featuredmedia":[{"embeddable":true,"href":"https:\/\/streetmarkets.fr\/app\/wp-json\/wp\/v2\/media\/711713"}],"wp:attachment":[{"href":"https:\/\/streetmarkets.fr\/app\/wp-json\/wp\/v2\/media?parent=711712"}],"wp:term":[{"taxonomy":"product_brand","embeddable":true,"href":"https:\/\/streetmarkets.fr\/app\/wp-json\/wp\/v2\/product_brand?post=711712"},{"taxonomy":"product_cat","embeddable":true,"href":"https:\/\/streetmarkets.fr\/app\/wp-json\/wp\/v2\/product_cat?post=711712"},{"taxonomy":"product_tag","embeddable":true,"href":"https:\/\/streetmarkets.fr\/app\/wp-json\/wp\/v2\/product_tag?post=711712"}],"curies":[{"name":"wp","href":"https:\/\/api.w.org\/{rel}","templated":true}]}}