{"id":711640,"date":"2024-10-15T17:44:56","date_gmt":"2024-10-15T15:44:56","guid":{"rendered":"https:\/\/streetmarkets.fr\/app\/produit\/jean-droit-en-coton-bio-certifie-gots\/"},"modified":"2026-05-09T01:42:58","modified_gmt":"2026-05-08T23:42:58","slug":"jean-droit-en-coton-bio-certifie-gots","status":"publish","type":"product","link":"https:\/\/streetmarkets.fr\/app\/produit\/jean-droit-en-coton-bio-certifie-gots\/","title":{"rendered":"Jean droit en coton bio certifi\u00e9 Gots"},"content":{"rendered":"<ul>\n<li>\n<strong>jean<\/strong> droit<\/li>\n<li>&#8220;<strong>blue wash<\/strong>&#8220;<\/li>\n<li>99% <strong>coton bio<\/strong>, 1% \u00e9lasthanne<\/li>\n<li>d\u00e9lavage r\u00e9alis\u00e9 <strong>sans chlore et sans produit chimique<\/strong>\n<\/li>\n<li>production dans une usine en Turquie avec certification <strong>Oeko-Tex et Gots<\/strong>\n<\/li>\n<li>jacron en papier (sans cuir)<\/li>\n<li>marque anglaise &#8220;<strong>Thought<\/strong>&#8220;<\/li>\n<\/ul>\n","protected":false},"excerpt":{"rendered":"<p>jean droit &#8220;blue wash&#8220; 99% coton bio, 1% \u00e9lasthanne d\u00e9lavage r\u00e9alis\u00e9 sans chlore et sans produit chimique production dans une usine en Turquie avec certification Oeko-Tex et Gots jacron en papier (sans cuir) marque anglaise &#8220;Thought&#8220;<\/p>\n","protected":false},"featured_media":711641,"comment_status":"open","ping_status":"closed","template":"","meta":[],"product_brand":[],"product_cat":[1756,1758],"product_tag":[1810],"acf":[],"_links":{"self":[{"href":"https:\/\/streetmarkets.fr\/app\/wp-json\/wp\/v2\/product\/711640"}],"collection":[{"href":"https:\/\/streetmarkets.fr\/app\/wp-json\/wp\/v2\/product"}],"about":[{"href":"https:\/\/streetmarkets.fr\/app\/wp-json\/wp\/v2\/types\/product"}],"replies":[{"embeddable":true,"href":"https:\/\/streetmarkets.fr\/app\/wp-json\/wp\/v2\/comments?post=711640"}],"wp:featuredmedia":[{"embeddable":true,"href":"https:\/\/streetmarkets.fr\/app\/wp-json\/wp\/v2\/media\/711641"}],"wp:attachment":[{"href":"https:\/\/streetmarkets.fr\/app\/wp-json\/wp\/v2\/media?parent=711640"}],"wp:term":[{"taxonomy":"product_brand","embeddable":true,"href":"https:\/\/streetmarkets.fr\/app\/wp-json\/wp\/v2\/product_brand?post=711640"},{"taxonomy":"product_cat","embeddable":true,"href":"https:\/\/streetmarkets.fr\/app\/wp-json\/wp\/v2\/product_cat?post=711640"},{"taxonomy":"product_tag","embeddable":true,"href":"https:\/\/streetmarkets.fr\/app\/wp-json\/wp\/v2\/product_tag?post=711640"}],"curies":[{"name":"wp","href":"https:\/\/api.w.org\/{rel}","templated":true}]}}