{"id":711231,"date":"2024-10-15T17:43:11","date_gmt":"2024-10-15T15:43:11","guid":{"rendered":"https:\/\/streetmarkets.fr\/app\/produit\/collier-petit-poisson\/"},"modified":"2026-05-04T01:42:52","modified_gmt":"2026-05-03T23:42:52","slug":"collier-petit-poisson","status":"publish","type":"product","link":"https:\/\/streetmarkets.fr\/app\/produit\/collier-petit-poisson\/","title":{"rendered":"Collier petit poisson"},"content":{"rendered":"<ul>\n<li>collier en <strong>bronze plaqu\u00e9 argent<\/strong>\n<\/li>\n<li><span>pendentif largeur 0,9 cm x hauteur 1,5 cm<\/span><\/li>\n<li><span>collier longueur 32 cm ( +extension\u00a0 6 cm)<\/span><\/li>\n<li><span>r\u00e9alis\u00e9 par\u00a0<strong>Bachue<\/strong>, le partenaire colombien de <strong>MondUni<\/strong>, qui s&#8217;est inspir\u00e9 de la culture, des l\u00e9gendes et mythes de la communaut\u00e9 <strong>wayuu<\/strong> originaire de la p\u00e9ninsule de la Guajira au Nord de la <strong>Colombie\u00a0<\/strong> \u00a0<\/span><\/li>\n<\/ul>\n","protected":false},"excerpt":{"rendered":"<p>collier en bronze plaqu\u00e9 argent pendentif largeur 0,9 cm x hauteur 1,5 cm collier longueur 32 cm ( +extension\u00a0 6 cm) r\u00e9alis\u00e9 par\u00a0Bachue, le partenaire colombien de MondUni, qui s&#8217;est inspir\u00e9 de la culture, des l\u00e9gendes et mythes de la communaut\u00e9 wayuu originaire de la p\u00e9ninsule de la Guajira au Nord de la Colombie\u00a0 \u00a0<\/p>\n","protected":false},"featured_media":711232,"comment_status":"open","ping_status":"closed","template":"","meta":[],"product_brand":[],"product_cat":[1807,1756],"product_tag":[1810,1813],"acf":[],"_links":{"self":[{"href":"https:\/\/streetmarkets.fr\/app\/wp-json\/wp\/v2\/product\/711231"}],"collection":[{"href":"https:\/\/streetmarkets.fr\/app\/wp-json\/wp\/v2\/product"}],"about":[{"href":"https:\/\/streetmarkets.fr\/app\/wp-json\/wp\/v2\/types\/product"}],"replies":[{"embeddable":true,"href":"https:\/\/streetmarkets.fr\/app\/wp-json\/wp\/v2\/comments?post=711231"}],"wp:featuredmedia":[{"embeddable":true,"href":"https:\/\/streetmarkets.fr\/app\/wp-json\/wp\/v2\/media\/711232"}],"wp:attachment":[{"href":"https:\/\/streetmarkets.fr\/app\/wp-json\/wp\/v2\/media?parent=711231"}],"wp:term":[{"taxonomy":"product_brand","embeddable":true,"href":"https:\/\/streetmarkets.fr\/app\/wp-json\/wp\/v2\/product_brand?post=711231"},{"taxonomy":"product_cat","embeddable":true,"href":"https:\/\/streetmarkets.fr\/app\/wp-json\/wp\/v2\/product_cat?post=711231"},{"taxonomy":"product_tag","embeddable":true,"href":"https:\/\/streetmarkets.fr\/app\/wp-json\/wp\/v2\/product_tag?post=711231"}],"curies":[{"name":"wp","href":"https:\/\/api.w.org\/{rel}","templated":true}]}}