{"id":710437,"date":"2024-10-15T17:32:51","date_gmt":"2024-10-15T15:32:51","guid":{"rendered":"https:\/\/streetmarkets.fr\/app\/produit\/bob-la-mer-ete-1981-x-the-woods\/"},"modified":"2026-05-12T03:35:22","modified_gmt":"2026-05-12T01:35:22","slug":"bob-la-mer-ete-1981-x-the-woods","status":"publish","type":"product","link":"https:\/\/streetmarkets.fr\/app\/produit\/bob-la-mer-ete-1981-x-the-woods\/","title":{"rendered":"Bob La Mer &#8211; \u00c9t\u00e9 1981 x The Woods"},"content":{"rendered":"<h2 style=\"text-align: center\">Bob\u00a0La Mer\u00a0&#8211; \u00c9t\u00e9 1981 x The Woods<\/h2>\n<p><span style=\"color: #808080\"><em>Designer\u00a0:<\/em><\/span>\u00a0Delphine Cauly<br \/><span style=\"color: #808080\"><em>Marque :<\/em><\/span>\u00a0<span>\u00c9t\u00e9 1981 x The Woods<\/span><br \/><span style=\"color: #808080\"><em>Mat\u00e9riau :<\/em><\/span>\u00a0coton blanc et broderies La Mer<br \/><span style=\"color: #808080\"><em>Tailles disponibles\u00a0:<\/em><\/span> Taille unique<\/p>\n<h2 style=\"text-align: center\">En savoir plus sur ce produit<\/h2>\n<p>D\u00e9couvrez notre collection estivale en collaboration avec la talentueuse illustratrice Delphine Cauly.<\/p>\n<p>Bob, Tshirts et sac cabas, vous accompagnerons lors de vos sorties \u00e0 la plage !<\/p>\n<h2 style=\"text-align: center\">En savoir plus sur cette artiste<\/h2>\n<p><span style=\"font-weight: 400\">Delphine Cauly, illustratrice fran\u00e7aise, se passionne pour le dessin depuis son enfance. Artiste, son art est aujourd\u2019hui li\u00e9 \u00e0 une dimension plus personnelle : elle reprend comme pseudonyme sa date de naissance. Et\u00e9 1981, son nom d\u2019artiste, traduit en r\u00e9alit\u00e9 un style qui lui est propre. Appel\u00e9e la \u00ab Ligne claire \u00bb, elle repr\u00e9sente ses mod\u00e8les femmes fid\u00e8les \u00e0 elles-m\u00eames et r\u00e9alistes. Ses traits sont longs, son encrage est constant afin de donner \u00e0 ses dessins une l\u00e9g\u00e8ret\u00e9 unique et un esth\u00e9tisme in\u00e9galable. Elle d\u00e9cline ses dessins en papiers peints, tableaux, collaborations textiles etc &#8230; Beaucoup de m\u00e9dias et d\u2019artistes font aujourd\u2019hui appel \u00e0 elle pour r\u00e9aliser tous types de projets : notamment les deux chanteuses Brigitte pour lesquelles Et\u00e9 1981 a r\u00e9alis\u00e9 plusieurs pochettes d\u2019album. <\/span><\/p>\n","protected":false},"excerpt":{"rendered":"<p>Bob\u00a0La Mer\u00a0&#8211; \u00c9t\u00e9 1981 x The Woods Designer\u00a0:\u00a0Delphine CaulyMarque :\u00a0\u00c9t\u00e9 1981 x The WoodsMat\u00e9riau :\u00a0coton blanc et broderies La MerTailles disponibles\u00a0: Taille unique En savoir plus sur ce produit D\u00e9couvrez notre collection estivale en collaboration avec la talentueuse illustratrice Delphine Cauly. Bob, Tshirts et sac cabas, vous accompagnerons lors de vos sorties \u00e0 la plage [&hellip;]<\/p>\n","protected":false},"featured_media":710438,"comment_status":"open","ping_status":"closed","template":"","meta":[],"product_brand":[],"product_cat":[1756,1764],"product_tag":[2244,1811],"acf":[],"_links":{"self":[{"href":"https:\/\/streetmarkets.fr\/app\/wp-json\/wp\/v2\/product\/710437"}],"collection":[{"href":"https:\/\/streetmarkets.fr\/app\/wp-json\/wp\/v2\/product"}],"about":[{"href":"https:\/\/streetmarkets.fr\/app\/wp-json\/wp\/v2\/types\/product"}],"replies":[{"embeddable":true,"href":"https:\/\/streetmarkets.fr\/app\/wp-json\/wp\/v2\/comments?post=710437"}],"wp:featuredmedia":[{"embeddable":true,"href":"https:\/\/streetmarkets.fr\/app\/wp-json\/wp\/v2\/media\/710438"}],"wp:attachment":[{"href":"https:\/\/streetmarkets.fr\/app\/wp-json\/wp\/v2\/media?parent=710437"}],"wp:term":[{"taxonomy":"product_brand","embeddable":true,"href":"https:\/\/streetmarkets.fr\/app\/wp-json\/wp\/v2\/product_brand?post=710437"},{"taxonomy":"product_cat","embeddable":true,"href":"https:\/\/streetmarkets.fr\/app\/wp-json\/wp\/v2\/product_cat?post=710437"},{"taxonomy":"product_tag","embeddable":true,"href":"https:\/\/streetmarkets.fr\/app\/wp-json\/wp\/v2\/product_tag?post=710437"}],"curies":[{"name":"wp","href":"https:\/\/api.w.org\/{rel}","templated":true}]}}