{"id":709791,"date":"2024-10-15T16:48:58","date_gmt":"2024-10-15T14:48:58","guid":{"rendered":"https:\/\/streetmarkets.fr\/app\/produit\/nouveau-blouse-alfred-garden-bellepiece\/"},"modified":"2025-02-26T01:04:41","modified_gmt":"2025-02-26T00:04:41","slug":"nouveau-blouse-alfred-garden-bellepiece","status":"publish","type":"product","link":"https:\/\/streetmarkets.fr\/app\/produit\/nouveau-blouse-alfred-garden-bellepiece\/","title":{"rendered":"Nouveau ! BELLEPIECE Blouse Alfred Garden -40%"},"content":{"rendered":"<p>Blouse \u00e0 motif floral, coupe ample, manches longues bouffantes et poignets resserr\u00e9s, emmanchure large, encolure arrondie boutonn\u00e9e sans col.<\/p>\n<p>D\u00e9tail : 100% viscose<\/p>\n","protected":false},"excerpt":{"rendered":"<p>Blouse \u00e0 motif floral, coupe ample, manches longues bouffantes et poignets resserr\u00e9s, emmanchure large, encolure arrondie boutonn\u00e9e sans col. D\u00e9tail : 100% viscose<\/p>\n","protected":false},"featured_media":709792,"comment_status":"open","ping_status":"closed","template":"","meta":[],"product_brand":[],"product_cat":[1756,1758],"product_tag":[2244],"acf":[],"_links":{"self":[{"href":"https:\/\/streetmarkets.fr\/app\/wp-json\/wp\/v2\/product\/709791"}],"collection":[{"href":"https:\/\/streetmarkets.fr\/app\/wp-json\/wp\/v2\/product"}],"about":[{"href":"https:\/\/streetmarkets.fr\/app\/wp-json\/wp\/v2\/types\/product"}],"replies":[{"embeddable":true,"href":"https:\/\/streetmarkets.fr\/app\/wp-json\/wp\/v2\/comments?post=709791"}],"wp:featuredmedia":[{"embeddable":true,"href":"https:\/\/streetmarkets.fr\/app\/wp-json\/wp\/v2\/media\/709792"}],"wp:attachment":[{"href":"https:\/\/streetmarkets.fr\/app\/wp-json\/wp\/v2\/media?parent=709791"}],"wp:term":[{"taxonomy":"product_brand","embeddable":true,"href":"https:\/\/streetmarkets.fr\/app\/wp-json\/wp\/v2\/product_brand?post=709791"},{"taxonomy":"product_cat","embeddable":true,"href":"https:\/\/streetmarkets.fr\/app\/wp-json\/wp\/v2\/product_cat?post=709791"},{"taxonomy":"product_tag","embeddable":true,"href":"https:\/\/streetmarkets.fr\/app\/wp-json\/wp\/v2\/product_tag?post=709791"}],"curies":[{"name":"wp","href":"https:\/\/api.w.org\/{rel}","templated":true}]}}