{"id":709781,"date":"2024-10-15T16:48:57","date_gmt":"2024-10-15T14:48:57","guid":{"rendered":"https:\/\/streetmarkets.fr\/app\/produit\/nouveau-pull-joe-brown-bellepiece\/"},"modified":"2025-02-26T01:04:41","modified_gmt":"2025-02-26T00:04:41","slug":"nouveau-pull-joe-brown-bellepiece","status":"publish","type":"product","link":"https:\/\/streetmarkets.fr\/app\/produit\/nouveau-pull-joe-brown-bellepiece\/","title":{"rendered":"Nouveau ! BELLEPIECE Pull Joe Brown -50%"},"content":{"rendered":"<p class=\"\">Pull en laine coupe ample et droite, encolure arrondie, manches longues et poignets resserr\u00e9s, emmanchure large. \u00c9galement disponible dans la couleur Ardoise. <\/p>\n<p class=\"\">D\u00e9tail : 100% m\u00e9rinos<\/p>\n","protected":false},"excerpt":{"rendered":"<p>Pull en laine coupe ample et droite, encolure arrondie, manches longues et poignets resserr\u00e9s, emmanchure large. \u00c9galement disponible dans la couleur Ardoise. D\u00e9tail : 100% m\u00e9rinos<\/p>\n","protected":false},"featured_media":709782,"comment_status":"open","ping_status":"closed","template":"","meta":[],"product_brand":[],"product_cat":[1756,1758],"product_tag":[2244],"acf":[],"_links":{"self":[{"href":"https:\/\/streetmarkets.fr\/app\/wp-json\/wp\/v2\/product\/709781"}],"collection":[{"href":"https:\/\/streetmarkets.fr\/app\/wp-json\/wp\/v2\/product"}],"about":[{"href":"https:\/\/streetmarkets.fr\/app\/wp-json\/wp\/v2\/types\/product"}],"replies":[{"embeddable":true,"href":"https:\/\/streetmarkets.fr\/app\/wp-json\/wp\/v2\/comments?post=709781"}],"wp:featuredmedia":[{"embeddable":true,"href":"https:\/\/streetmarkets.fr\/app\/wp-json\/wp\/v2\/media\/709782"}],"wp:attachment":[{"href":"https:\/\/streetmarkets.fr\/app\/wp-json\/wp\/v2\/media?parent=709781"}],"wp:term":[{"taxonomy":"product_brand","embeddable":true,"href":"https:\/\/streetmarkets.fr\/app\/wp-json\/wp\/v2\/product_brand?post=709781"},{"taxonomy":"product_cat","embeddable":true,"href":"https:\/\/streetmarkets.fr\/app\/wp-json\/wp\/v2\/product_cat?post=709781"},{"taxonomy":"product_tag","embeddable":true,"href":"https:\/\/streetmarkets.fr\/app\/wp-json\/wp\/v2\/product_tag?post=709781"}],"curies":[{"name":"wp","href":"https:\/\/api.w.org\/{rel}","templated":true}]}}