{"id":709764,"date":"2024-10-15T16:48:55","date_gmt":"2024-10-15T14:48:55","guid":{"rendered":"https:\/\/streetmarkets.fr\/app\/produit\/nouveau-blouse-tommy-meringue-bellepiece\/"},"modified":"2025-03-29T01:00:27","modified_gmt":"2025-03-29T00:00:27","slug":"nouveau-blouse-tommy-meringue-bellepiece","status":"publish","type":"product","link":"https:\/\/streetmarkets.fr\/app\/produit\/nouveau-blouse-tommy-meringue-bellepiece\/","title":{"rendered":"Nouveau ! BELLEPIECE Blouse Tommy Meringue -40%"},"content":{"rendered":"<p class=\"\">Blouse en coton  coupe ample, manches longues bouffantes et poignets resserr\u00e9s, emmanchure large, encolure boutonn\u00e9e  avec col \u00e0 petits volants. <\/p>\n<p class=\"\">D\u00e9tail : 100% coton<\/p>\n","protected":false},"excerpt":{"rendered":"<p>Blouse en coton coupe ample, manches longues bouffantes et poignets resserr\u00e9s, emmanchure large, encolure boutonn\u00e9e avec col \u00e0 petits volants. D\u00e9tail : 100% coton<\/p>\n","protected":false},"featured_media":709765,"comment_status":"open","ping_status":"closed","template":"","meta":[],"product_brand":[],"product_cat":[1756,1758],"product_tag":[2244],"acf":[],"_links":{"self":[{"href":"https:\/\/streetmarkets.fr\/app\/wp-json\/wp\/v2\/product\/709764"}],"collection":[{"href":"https:\/\/streetmarkets.fr\/app\/wp-json\/wp\/v2\/product"}],"about":[{"href":"https:\/\/streetmarkets.fr\/app\/wp-json\/wp\/v2\/types\/product"}],"replies":[{"embeddable":true,"href":"https:\/\/streetmarkets.fr\/app\/wp-json\/wp\/v2\/comments?post=709764"}],"wp:featuredmedia":[{"embeddable":true,"href":"https:\/\/streetmarkets.fr\/app\/wp-json\/wp\/v2\/media\/709765"}],"wp:attachment":[{"href":"https:\/\/streetmarkets.fr\/app\/wp-json\/wp\/v2\/media?parent=709764"}],"wp:term":[{"taxonomy":"product_brand","embeddable":true,"href":"https:\/\/streetmarkets.fr\/app\/wp-json\/wp\/v2\/product_brand?post=709764"},{"taxonomy":"product_cat","embeddable":true,"href":"https:\/\/streetmarkets.fr\/app\/wp-json\/wp\/v2\/product_cat?post=709764"},{"taxonomy":"product_tag","embeddable":true,"href":"https:\/\/streetmarkets.fr\/app\/wp-json\/wp\/v2\/product_tag?post=709764"}],"curies":[{"name":"wp","href":"https:\/\/api.w.org\/{rel}","templated":true}]}}