{"id":709252,"date":"2024-10-15T16:46:55","date_gmt":"2024-10-15T14:46:55","guid":{"rendered":"https:\/\/streetmarkets.fr\/app\/produit\/nouveau-blouse-elk-celadon-masscob\/"},"modified":"2025-02-19T01:03:13","modified_gmt":"2025-02-19T00:03:13","slug":"nouveau-blouse-elk-celadon-masscob","status":"publish","type":"product","link":"https:\/\/streetmarkets.fr\/app\/produit\/nouveau-blouse-elk-celadon-masscob\/","title":{"rendered":"MASSCOB Blouse Elk Celadon -30%"},"content":{"rendered":"<p class=\"\">Blouse en soie et coton coupe ample, manches 3\/4, emmanchure large, boutonn\u00e9e sur le devant et l\u00e9g\u00e8rement pliss\u00e9 au col. Le mod\u00e8le taille grand. <\/p>\n<p class=\"\">D\u00e9tail : 49% soie, 51% coton<\/p>\n","protected":false},"excerpt":{"rendered":"<p>Blouse en soie et coton coupe ample, manches 3\/4, emmanchure large, boutonn\u00e9e sur le devant et l\u00e9g\u00e8rement pliss\u00e9 au col. Le mod\u00e8le taille grand. D\u00e9tail : 49% soie, 51% coton<\/p>\n","protected":false},"featured_media":709253,"comment_status":"open","ping_status":"closed","template":"","meta":[],"product_brand":[],"product_cat":[1756,1762],"product_tag":[2244],"acf":[],"_links":{"self":[{"href":"https:\/\/streetmarkets.fr\/app\/wp-json\/wp\/v2\/product\/709252"}],"collection":[{"href":"https:\/\/streetmarkets.fr\/app\/wp-json\/wp\/v2\/product"}],"about":[{"href":"https:\/\/streetmarkets.fr\/app\/wp-json\/wp\/v2\/types\/product"}],"replies":[{"embeddable":true,"href":"https:\/\/streetmarkets.fr\/app\/wp-json\/wp\/v2\/comments?post=709252"}],"wp:featuredmedia":[{"embeddable":true,"href":"https:\/\/streetmarkets.fr\/app\/wp-json\/wp\/v2\/media\/709253"}],"wp:attachment":[{"href":"https:\/\/streetmarkets.fr\/app\/wp-json\/wp\/v2\/media?parent=709252"}],"wp:term":[{"taxonomy":"product_brand","embeddable":true,"href":"https:\/\/streetmarkets.fr\/app\/wp-json\/wp\/v2\/product_brand?post=709252"},{"taxonomy":"product_cat","embeddable":true,"href":"https:\/\/streetmarkets.fr\/app\/wp-json\/wp\/v2\/product_cat?post=709252"},{"taxonomy":"product_tag","embeddable":true,"href":"https:\/\/streetmarkets.fr\/app\/wp-json\/wp\/v2\/product_tag?post=709252"}],"curies":[{"name":"wp","href":"https:\/\/api.w.org\/{rel}","templated":true}]}}