{"id":709240,"date":"2024-10-15T16:46:55","date_gmt":"2024-10-15T14:46:55","guid":{"rendered":"https:\/\/streetmarkets.fr\/app\/produit\/nouveau-chemise-vestry-vanille-masscob\/"},"modified":"2025-02-19T01:03:13","modified_gmt":"2025-02-19T00:03:13","slug":"nouveau-chemise-vestry-vanille-masscob","status":"publish","type":"product","link":"https:\/\/streetmarkets.fr\/app\/produit\/nouveau-chemise-vestry-vanille-masscob\/","title":{"rendered":"MASSCOB Chemise Vestry Vanille"},"content":{"rendered":"<p class=\"\">Chemise coupe ample et droite \u00e0 motif de fines rayures, manches 3\/4, emmanchure large et poignets resserr\u00e9s, boutonnage devant et col chemise, une poche plaqu\u00e9e devant. Le mod\u00e8le taille grand. Sur la derni\u00e8re photo la chemise est port\u00e9e avec le pull Palma. <\/p>\n<p class=\"\">D\u00e9tail : 75% viscose, 14% soie, 11% coton<\/p>\n","protected":false},"excerpt":{"rendered":"<p>Chemise coupe ample et droite \u00e0 motif de fines rayures, manches 3\/4, emmanchure large et poignets resserr\u00e9s, boutonnage devant et col chemise, une poche plaqu\u00e9e devant. Le mod\u00e8le taille grand. Sur la derni\u00e8re photo la chemise est port\u00e9e avec le pull Palma. D\u00e9tail : 75% viscose, 14% soie, 11% coton<\/p>\n","protected":false},"featured_media":709241,"comment_status":"open","ping_status":"closed","template":"","meta":[],"product_brand":[],"product_cat":[1756,1762],"product_tag":[2244],"acf":[],"_links":{"self":[{"href":"https:\/\/streetmarkets.fr\/app\/wp-json\/wp\/v2\/product\/709240"}],"collection":[{"href":"https:\/\/streetmarkets.fr\/app\/wp-json\/wp\/v2\/product"}],"about":[{"href":"https:\/\/streetmarkets.fr\/app\/wp-json\/wp\/v2\/types\/product"}],"replies":[{"embeddable":true,"href":"https:\/\/streetmarkets.fr\/app\/wp-json\/wp\/v2\/comments?post=709240"}],"wp:featuredmedia":[{"embeddable":true,"href":"https:\/\/streetmarkets.fr\/app\/wp-json\/wp\/v2\/media\/709241"}],"wp:attachment":[{"href":"https:\/\/streetmarkets.fr\/app\/wp-json\/wp\/v2\/media?parent=709240"}],"wp:term":[{"taxonomy":"product_brand","embeddable":true,"href":"https:\/\/streetmarkets.fr\/app\/wp-json\/wp\/v2\/product_brand?post=709240"},{"taxonomy":"product_cat","embeddable":true,"href":"https:\/\/streetmarkets.fr\/app\/wp-json\/wp\/v2\/product_cat?post=709240"},{"taxonomy":"product_tag","embeddable":true,"href":"https:\/\/streetmarkets.fr\/app\/wp-json\/wp\/v2\/product_tag?post=709240"}],"curies":[{"name":"wp","href":"https:\/\/api.w.org\/{rel}","templated":true}]}}