{"id":708879,"date":"2024-10-15T16:45:55","date_gmt":"2024-10-15T14:45:55","guid":{"rendered":"https:\/\/streetmarkets.fr\/app\/produit\/pantalon-jogg-pymaz-vintage-carbone-american-vintage-article-point-rouge\/"},"modified":"2024-10-30T01:03:47","modified_gmt":"2024-10-30T00:03:47","slug":"pantalon-jogg-pymaz-vintage-carbone-american-vintage-article-point-rouge","status":"publish","type":"product","link":"https:\/\/streetmarkets.fr\/app\/produit\/pantalon-jogg-pymaz-vintage-carbone-american-vintage-article-point-rouge\/","title":{"rendered":"Pantalon Jogg Pymaz Vintage Carbone AMERICAN VINTAGE ( Article Point Rouge )"},"content":{"rendered":"<p class=\"\">Pantalon jogg en coton coupe flare, taille \u00e9lastique, jambe fluide. \u00c9galement disponible en rose. \u00c0 coordonner avec le sweat Dafstreet. <\/p>\n<p class=\"\">D\u00e9tail : 96% coton, 4% \u00e9lasthanne<\/p>\n","protected":false},"excerpt":{"rendered":"<p>Pantalon jogg en coton coupe flare, taille \u00e9lastique, jambe fluide. \u00c9galement disponible en rose. \u00c0 coordonner avec le sweat Dafstreet. D\u00e9tail : 96% coton, 4% \u00e9lasthanne<\/p>\n","protected":false},"featured_media":708880,"comment_status":"open","ping_status":"closed","template":"","meta":[],"product_brand":[7130],"product_cat":[1756,1762],"product_tag":[2244],"acf":[],"_links":{"self":[{"href":"https:\/\/streetmarkets.fr\/app\/wp-json\/wp\/v2\/product\/708879"}],"collection":[{"href":"https:\/\/streetmarkets.fr\/app\/wp-json\/wp\/v2\/product"}],"about":[{"href":"https:\/\/streetmarkets.fr\/app\/wp-json\/wp\/v2\/types\/product"}],"replies":[{"embeddable":true,"href":"https:\/\/streetmarkets.fr\/app\/wp-json\/wp\/v2\/comments?post=708879"}],"wp:featuredmedia":[{"embeddable":true,"href":"https:\/\/streetmarkets.fr\/app\/wp-json\/wp\/v2\/media\/708880"}],"wp:attachment":[{"href":"https:\/\/streetmarkets.fr\/app\/wp-json\/wp\/v2\/media?parent=708879"}],"wp:term":[{"taxonomy":"product_brand","embeddable":true,"href":"https:\/\/streetmarkets.fr\/app\/wp-json\/wp\/v2\/product_brand?post=708879"},{"taxonomy":"product_cat","embeddable":true,"href":"https:\/\/streetmarkets.fr\/app\/wp-json\/wp\/v2\/product_cat?post=708879"},{"taxonomy":"product_tag","embeddable":true,"href":"https:\/\/streetmarkets.fr\/app\/wp-json\/wp\/v2\/product_tag?post=708879"}],"curies":[{"name":"wp","href":"https:\/\/api.w.org\/{rel}","templated":true}]}}