{"id":708656,"date":"2024-10-15T16:45:05","date_gmt":"2024-10-15T14:45:05","guid":{"rendered":"https:\/\/streetmarkets.fr\/app\/produit\/nouveau-sac-chunky-fellini-tan-dragon-diffusion\/"},"modified":"2025-12-20T01:05:14","modified_gmt":"2025-12-20T00:05:14","slug":"nouveau-sac-chunky-fellini-tan-dragon-diffusion","status":"publish","type":"product","link":"https:\/\/streetmarkets.fr\/app\/produit\/nouveau-sac-chunky-fellini-tan-dragon-diffusion\/","title":{"rendered":"DRAGON DIFFUSION Sac Chunky Fellini Tan"},"content":{"rendered":"<p class=\"\" data-rte-preserve-empty=\"true\">Le sac Chunky est tout en cuir tress\u00e9, enti\u00e8rement r\u00e9alis\u00e9 \u00e0 la main, il est compos\u00e9 d\u2019un compartiment principal et d\u2019une petite poche int\u00e9rieur sur laquelle est cousue \u00e0 la main une m\u00e9daille Saint Christophe, gage d\u2019authenticit\u00e9 de la marque. Il se referme par un zip et pour r\u00e9duire sa bandouli\u00e8re il suffit de faire un noeud.<\/p>\n<p class=\"\" data-rte-preserve-empty=\"true\">Ses dimensions : 23 x 16 x 9cm, longueur bandouli\u00e8re 56cm. \u00c9galement disponible dans les couleurs Pearl et Miel. <\/p>\n<p class=\"\" data-rte-preserve-empty=\"true\">D\u00e9tail : 100% cuir de veau, ce produit est une fabrication artisanale et non industriel, il permet la pr\u00e9servation de savoir-faire ancestraux et le respect de tout ceux qui participent \u00e0 sa fabrication, l<span>es variations de couleurs entre chaque pi\u00e8ces lui offre ses particularit\u00e9s qui en fond un produit unique et pr\u00e9cieux.<\/span><\/p>\n","protected":false},"excerpt":{"rendered":"<p>Le sac Chunky est tout en cuir tress\u00e9, enti\u00e8rement r\u00e9alis\u00e9 \u00e0 la main, il est compos\u00e9 d\u2019un compartiment principal et d\u2019une petite poche int\u00e9rieur sur laquelle est cousue \u00e0 la main une m\u00e9daille Saint Christophe, gage d\u2019authenticit\u00e9 de la marque. Il se referme par un zip et pour r\u00e9duire sa bandouli\u00e8re il suffit de faire [&hellip;]<\/p>\n","protected":false},"featured_media":708657,"comment_status":"open","ping_status":"closed","template":"","meta":[],"product_brand":[],"product_cat":[1756,1764],"product_tag":[2244],"acf":[],"_links":{"self":[{"href":"https:\/\/streetmarkets.fr\/app\/wp-json\/wp\/v2\/product\/708656"}],"collection":[{"href":"https:\/\/streetmarkets.fr\/app\/wp-json\/wp\/v2\/product"}],"about":[{"href":"https:\/\/streetmarkets.fr\/app\/wp-json\/wp\/v2\/types\/product"}],"replies":[{"embeddable":true,"href":"https:\/\/streetmarkets.fr\/app\/wp-json\/wp\/v2\/comments?post=708656"}],"wp:featuredmedia":[{"embeddable":true,"href":"https:\/\/streetmarkets.fr\/app\/wp-json\/wp\/v2\/media\/708657"}],"wp:attachment":[{"href":"https:\/\/streetmarkets.fr\/app\/wp-json\/wp\/v2\/media?parent=708656"}],"wp:term":[{"taxonomy":"product_brand","embeddable":true,"href":"https:\/\/streetmarkets.fr\/app\/wp-json\/wp\/v2\/product_brand?post=708656"},{"taxonomy":"product_cat","embeddable":true,"href":"https:\/\/streetmarkets.fr\/app\/wp-json\/wp\/v2\/product_cat?post=708656"},{"taxonomy":"product_tag","embeddable":true,"href":"https:\/\/streetmarkets.fr\/app\/wp-json\/wp\/v2\/product_tag?post=708656"}],"curies":[{"name":"wp","href":"https:\/\/api.w.org\/{rel}","templated":true}]}}