{"id":708638,"date":"2024-10-15T16:45:04","date_gmt":"2024-10-15T14:45:04","guid":{"rendered":"https:\/\/streetmarkets.fr\/app\/produit\/nouveau-sac-nantucket-basket-big-bordeaux-dragon-diffusion\/"},"modified":"2025-09-03T02:04:27","modified_gmt":"2025-09-03T00:04:27","slug":"nouveau-sac-nantucket-basket-big-bordeaux-dragon-diffusion","status":"publish","type":"product","link":"https:\/\/streetmarkets.fr\/app\/produit\/nouveau-sac-nantucket-basket-big-bordeaux-dragon-diffusion\/","title":{"rendered":"DRAGON DIFFUSION Sac Nantucket Big Bordeaux"},"content":{"rendered":"<p class=\"\" data-rte-preserve-empty=\"true\">Le cabas Nantucket est tout en cuir tress\u00e9, enti\u00e8rement r\u00e9alis\u00e9 \u00e0 la main, il poss\u00e8de une petite m\u00e9daille Saint Christophe cousue \u00e0 la main \u00e0 l\u2019int\u00e9rieur de chaque sac, gage d\u2019authenticit\u00e9 de la marque, ses anses larges permettent un port\u00e9 main ou \u00e9paule. Ses dimensions : 46 x 22 x 15cm<\/p>\n<p class=\"\" data-rte-preserve-empty=\"true\">D\u00e9tail : 100% cuir de veau, ce produit est une fabrication artisanale et non industriel, il permet la pr\u00e9servation de savoir-faire ancestraux et le respect de tout ceux qui participent \u00e0 sa fabrication, les variations de couleurs entre chaque pi\u00e8ces lui offre ses particularit\u00e9s qui en fond un produit unique et pr\u00e9cieux. <\/p>\n","protected":false},"excerpt":{"rendered":"<p>Le cabas Nantucket est tout en cuir tress\u00e9, enti\u00e8rement r\u00e9alis\u00e9 \u00e0 la main, il poss\u00e8de une petite m\u00e9daille Saint Christophe cousue \u00e0 la main \u00e0 l\u2019int\u00e9rieur de chaque sac, gage d\u2019authenticit\u00e9 de la marque, ses anses larges permettent un port\u00e9 main ou \u00e9paule. Ses dimensions : 46 x 22 x 15cm D\u00e9tail : 100% cuir [&hellip;]<\/p>\n","protected":false},"featured_media":708639,"comment_status":"open","ping_status":"closed","template":"","meta":[],"product_brand":[],"product_cat":[1756,1764],"product_tag":[2244],"acf":[],"_links":{"self":[{"href":"https:\/\/streetmarkets.fr\/app\/wp-json\/wp\/v2\/product\/708638"}],"collection":[{"href":"https:\/\/streetmarkets.fr\/app\/wp-json\/wp\/v2\/product"}],"about":[{"href":"https:\/\/streetmarkets.fr\/app\/wp-json\/wp\/v2\/types\/product"}],"replies":[{"embeddable":true,"href":"https:\/\/streetmarkets.fr\/app\/wp-json\/wp\/v2\/comments?post=708638"}],"wp:featuredmedia":[{"embeddable":true,"href":"https:\/\/streetmarkets.fr\/app\/wp-json\/wp\/v2\/media\/708639"}],"wp:attachment":[{"href":"https:\/\/streetmarkets.fr\/app\/wp-json\/wp\/v2\/media?parent=708638"}],"wp:term":[{"taxonomy":"product_brand","embeddable":true,"href":"https:\/\/streetmarkets.fr\/app\/wp-json\/wp\/v2\/product_brand?post=708638"},{"taxonomy":"product_cat","embeddable":true,"href":"https:\/\/streetmarkets.fr\/app\/wp-json\/wp\/v2\/product_cat?post=708638"},{"taxonomy":"product_tag","embeddable":true,"href":"https:\/\/streetmarkets.fr\/app\/wp-json\/wp\/v2\/product_tag?post=708638"}],"curies":[{"name":"wp","href":"https:\/\/api.w.org\/{rel}","templated":true}]}}