{"id":708628,"date":"2024-10-15T16:45:04","date_gmt":"2024-10-15T14:45:04","guid":{"rendered":"https:\/\/streetmarkets.fr\/app\/produit\/nouveau-escarpins-faye-porto-masscob\/"},"modified":"2025-09-24T02:04:29","modified_gmt":"2025-09-24T00:04:29","slug":"nouveau-escarpins-faye-porto-masscob","status":"publish","type":"product","link":"https:\/\/streetmarkets.fr\/app\/produit\/nouveau-escarpins-faye-porto-masscob\/","title":{"rendered":"MASSCOB Escarpins Faye Porto -40%"},"content":{"rendered":"<p>Escarpins ouverts \u00e0 petits talons, en cuir vernis, hauteur du talon : 3,5cm Sur la photo elles sont port\u00e9es avec le pull Loraine Bloody Mary. <\/p>\n<p>D\u00e9tail : 100% cuir v\u00e9ritable<\/p>\n","protected":false},"excerpt":{"rendered":"<p>Escarpins ouverts \u00e0 petits talons, en cuir vernis, hauteur du talon : 3,5cm Sur la photo elles sont port\u00e9es avec le pull Loraine Bloody Mary. D\u00e9tail : 100% cuir v\u00e9ritable<\/p>\n","protected":false},"featured_media":708629,"comment_status":"open","ping_status":"closed","template":"","meta":[],"product_brand":[],"product_cat":[1756,1763],"product_tag":[2244],"acf":[],"_links":{"self":[{"href":"https:\/\/streetmarkets.fr\/app\/wp-json\/wp\/v2\/product\/708628"}],"collection":[{"href":"https:\/\/streetmarkets.fr\/app\/wp-json\/wp\/v2\/product"}],"about":[{"href":"https:\/\/streetmarkets.fr\/app\/wp-json\/wp\/v2\/types\/product"}],"replies":[{"embeddable":true,"href":"https:\/\/streetmarkets.fr\/app\/wp-json\/wp\/v2\/comments?post=708628"}],"wp:featuredmedia":[{"embeddable":true,"href":"https:\/\/streetmarkets.fr\/app\/wp-json\/wp\/v2\/media\/708629"}],"wp:attachment":[{"href":"https:\/\/streetmarkets.fr\/app\/wp-json\/wp\/v2\/media?parent=708628"}],"wp:term":[{"taxonomy":"product_brand","embeddable":true,"href":"https:\/\/streetmarkets.fr\/app\/wp-json\/wp\/v2\/product_brand?post=708628"},{"taxonomy":"product_cat","embeddable":true,"href":"https:\/\/streetmarkets.fr\/app\/wp-json\/wp\/v2\/product_cat?post=708628"},{"taxonomy":"product_tag","embeddable":true,"href":"https:\/\/streetmarkets.fr\/app\/wp-json\/wp\/v2\/product_tag?post=708628"}],"curies":[{"name":"wp","href":"https:\/\/api.w.org\/{rel}","templated":true}]}}