{"id":708491,"date":"2024-10-15T16:44:22","date_gmt":"2024-10-15T14:44:22","guid":{"rendered":"https:\/\/streetmarkets.fr\/app\/produit\/manteau-floral-blue-semi-couture-70\/"},"modified":"2026-05-02T02:03:02","modified_gmt":"2026-05-02T00:03:02","slug":"manteau-floral-blue-semi-couture-70","status":"publish","type":"product","link":"https:\/\/streetmarkets.fr\/app\/produit\/manteau-floral-blue-semi-couture-70\/","title":{"rendered":"Manteau Floral Blue Semi Couture -70%"},"content":{"rendered":"<p class=\"\">Manteau demi saison imprim\u00e9 floral, fermeture par un bouton sur le devant. Deux poches plaqu\u00e9es devant. Coupe ample et \u00e9l\u00e9gante. <\/p>\n<p class=\"\">D\u00e9tail : 100% polyester<\/p>\n<p class=\"\">Fabriqu\u00e9 en Italie <\/p>\n","protected":false},"excerpt":{"rendered":"<p>Manteau demi saison imprim\u00e9 floral, fermeture par un bouton sur le devant. Deux poches plaqu\u00e9es devant. Coupe ample et \u00e9l\u00e9gante. D\u00e9tail : 100% polyester Fabriqu\u00e9 en Italie<\/p>\n","protected":false},"featured_media":708492,"comment_status":"open","ping_status":"closed","template":"","meta":[],"product_brand":[],"product_cat":[1756,1758],"product_tag":[2244],"acf":[],"_links":{"self":[{"href":"https:\/\/streetmarkets.fr\/app\/wp-json\/wp\/v2\/product\/708491"}],"collection":[{"href":"https:\/\/streetmarkets.fr\/app\/wp-json\/wp\/v2\/product"}],"about":[{"href":"https:\/\/streetmarkets.fr\/app\/wp-json\/wp\/v2\/types\/product"}],"replies":[{"embeddable":true,"href":"https:\/\/streetmarkets.fr\/app\/wp-json\/wp\/v2\/comments?post=708491"}],"wp:featuredmedia":[{"embeddable":true,"href":"https:\/\/streetmarkets.fr\/app\/wp-json\/wp\/v2\/media\/708492"}],"wp:attachment":[{"href":"https:\/\/streetmarkets.fr\/app\/wp-json\/wp\/v2\/media?parent=708491"}],"wp:term":[{"taxonomy":"product_brand","embeddable":true,"href":"https:\/\/streetmarkets.fr\/app\/wp-json\/wp\/v2\/product_brand?post=708491"},{"taxonomy":"product_cat","embeddable":true,"href":"https:\/\/streetmarkets.fr\/app\/wp-json\/wp\/v2\/product_cat?post=708491"},{"taxonomy":"product_tag","embeddable":true,"href":"https:\/\/streetmarkets.fr\/app\/wp-json\/wp\/v2\/product_tag?post=708491"}],"curies":[{"name":"wp","href":"https:\/\/api.w.org\/{rel}","templated":true}]}}