{"id":708468,"date":"2024-10-15T16:44:20","date_gmt":"2024-10-15T14:44:20","guid":{"rendered":"https:\/\/streetmarkets.fr\/app\/produit\/blouse-anna-vert-eau-pomandere-70\/"},"modified":"2024-11-04T01:04:23","modified_gmt":"2024-11-04T00:04:23","slug":"blouse-anna-vert-eau-pomandere-70","status":"publish","type":"product","link":"https:\/\/streetmarkets.fr\/app\/produit\/blouse-anna-vert-eau-pomandere-70\/","title":{"rendered":"Blouse Anna Vert Eau Pomand\u00e8re -70%"},"content":{"rendered":"<p class=\"\">Blouse sans manche coupe ample, col Mao et fermeture sur le devant par 6 petits boutons dont 5 invisibles. D\u00e9tail petite poche plaqu\u00e9e poitrine. et petites fentes sur les c\u00f4t\u00e9s.<\/p>\n<p class=\"\">D\u00e9tail : 89% coton, 7% viscose, 4% polyester<\/p>\n<p class=\"\">Fabriqu\u00e9 en Italie<\/p>\n","protected":false},"excerpt":{"rendered":"<p>Blouse sans manche coupe ample, col Mao et fermeture sur le devant par 6 petits boutons dont 5 invisibles. D\u00e9tail petite poche plaqu\u00e9e poitrine. et petites fentes sur les c\u00f4t\u00e9s. D\u00e9tail : 89% coton, 7% viscose, 4% polyester Fabriqu\u00e9 en Italie<\/p>\n","protected":false},"featured_media":708469,"comment_status":"open","ping_status":"closed","template":"","meta":[],"product_brand":[],"product_cat":[1756,1758],"product_tag":[2244],"acf":[],"_links":{"self":[{"href":"https:\/\/streetmarkets.fr\/app\/wp-json\/wp\/v2\/product\/708468"}],"collection":[{"href":"https:\/\/streetmarkets.fr\/app\/wp-json\/wp\/v2\/product"}],"about":[{"href":"https:\/\/streetmarkets.fr\/app\/wp-json\/wp\/v2\/types\/product"}],"replies":[{"embeddable":true,"href":"https:\/\/streetmarkets.fr\/app\/wp-json\/wp\/v2\/comments?post=708468"}],"wp:featuredmedia":[{"embeddable":true,"href":"https:\/\/streetmarkets.fr\/app\/wp-json\/wp\/v2\/media\/708469"}],"wp:attachment":[{"href":"https:\/\/streetmarkets.fr\/app\/wp-json\/wp\/v2\/media?parent=708468"}],"wp:term":[{"taxonomy":"product_brand","embeddable":true,"href":"https:\/\/streetmarkets.fr\/app\/wp-json\/wp\/v2\/product_brand?post=708468"},{"taxonomy":"product_cat","embeddable":true,"href":"https:\/\/streetmarkets.fr\/app\/wp-json\/wp\/v2\/product_cat?post=708468"},{"taxonomy":"product_tag","embeddable":true,"href":"https:\/\/streetmarkets.fr\/app\/wp-json\/wp\/v2\/product_tag?post=708468"}],"curies":[{"name":"wp","href":"https:\/\/api.w.org\/{rel}","templated":true}]}}