{"id":708357,"date":"2024-10-15T16:44:13","date_gmt":"2024-10-15T14:44:13","guid":{"rendered":"https:\/\/streetmarkets.fr\/app\/produit\/blouse-rollin-ecru-vanessa-bruno-50\/"},"modified":"2026-01-21T01:04:06","modified_gmt":"2026-01-21T00:04:06","slug":"blouse-rollin-ecru-vanessa-bruno-50","status":"publish","type":"product","link":"https:\/\/streetmarkets.fr\/app\/produit\/blouse-rollin-ecru-vanessa-bruno-50\/","title":{"rendered":"VANESSA BRUNO Blouse Rollin Ecru -50%"},"content":{"rendered":"<p class=\"\">Blouse \u00e0 motif floral brod\u00e9 ton sur ton, coupe ample, l\u00e9g\u00e8rement pliss\u00e9e dans le bas, manches 3\/4, encolure ronde avec d\u00e9tail petit bouton dans le dos.<\/p>\n<p class=\"\">D\u00e9tail : 66% coton, 66% viscose<\/p>\n","protected":false},"excerpt":{"rendered":"<p>Blouse \u00e0 motif floral brod\u00e9 ton sur ton, coupe ample, l\u00e9g\u00e8rement pliss\u00e9e dans le bas, manches 3\/4, encolure ronde avec d\u00e9tail petit bouton dans le dos. D\u00e9tail : 66% coton, 66% viscose<\/p>\n","protected":false},"featured_media":708358,"comment_status":"open","ping_status":"closed","template":"","meta":[],"product_brand":[],"product_cat":[1756,1758],"product_tag":[2244],"acf":[],"_links":{"self":[{"href":"https:\/\/streetmarkets.fr\/app\/wp-json\/wp\/v2\/product\/708357"}],"collection":[{"href":"https:\/\/streetmarkets.fr\/app\/wp-json\/wp\/v2\/product"}],"about":[{"href":"https:\/\/streetmarkets.fr\/app\/wp-json\/wp\/v2\/types\/product"}],"replies":[{"embeddable":true,"href":"https:\/\/streetmarkets.fr\/app\/wp-json\/wp\/v2\/comments?post=708357"}],"wp:featuredmedia":[{"embeddable":true,"href":"https:\/\/streetmarkets.fr\/app\/wp-json\/wp\/v2\/media\/708358"}],"wp:attachment":[{"href":"https:\/\/streetmarkets.fr\/app\/wp-json\/wp\/v2\/media?parent=708357"}],"wp:term":[{"taxonomy":"product_brand","embeddable":true,"href":"https:\/\/streetmarkets.fr\/app\/wp-json\/wp\/v2\/product_brand?post=708357"},{"taxonomy":"product_cat","embeddable":true,"href":"https:\/\/streetmarkets.fr\/app\/wp-json\/wp\/v2\/product_cat?post=708357"},{"taxonomy":"product_tag","embeddable":true,"href":"https:\/\/streetmarkets.fr\/app\/wp-json\/wp\/v2\/product_tag?post=708357"}],"curies":[{"name":"wp","href":"https:\/\/api.w.org\/{rel}","templated":true}]}}