{"id":708275,"date":"2024-10-15T16:44:06","date_gmt":"2024-10-15T14:44:06","guid":{"rendered":"https:\/\/streetmarkets.fr\/app\/produit\/robe-curtis-tibet-bellepiece-50\/"},"modified":"2026-05-06T02:02:13","modified_gmt":"2026-05-06T00:02:13","slug":"robe-curtis-tibet-bellepiece-50","status":"publish","type":"product","link":"https:\/\/streetmarkets.fr\/app\/produit\/robe-curtis-tibet-bellepiece-50\/","title":{"rendered":"BELLEPIECE Robe Curtis Tibet &#8211; 50%"},"content":{"rendered":"<p class=\"\">Robe longue imprim\u00e9 floral, bretelles et petit d\u00e9collet\u00e9 en goutte sur le devant referm\u00e9 par un lien. d\u00e9tail d\u00e9coupe sous poitrine l\u00e9g\u00e8rement pliss\u00e9 sur le devant et dos. <\/p>\n<p class=\"\">D\u00e9tail : 65% viscose et 35% lin <\/p>\n<p class=\"\">Fabriqu\u00e9 au Portugal <\/p>\n","protected":false},"excerpt":{"rendered":"<p>Robe longue imprim\u00e9 floral, bretelles et petit d\u00e9collet\u00e9 en goutte sur le devant referm\u00e9 par un lien. d\u00e9tail d\u00e9coupe sous poitrine l\u00e9g\u00e8rement pliss\u00e9 sur le devant et dos. D\u00e9tail : 65% viscose et 35% lin Fabriqu\u00e9 au Portugal<\/p>\n","protected":false},"featured_media":708276,"comment_status":"open","ping_status":"closed","template":"","meta":[],"product_brand":[],"product_cat":[1756,1758],"product_tag":[2244],"acf":[],"_links":{"self":[{"href":"https:\/\/streetmarkets.fr\/app\/wp-json\/wp\/v2\/product\/708275"}],"collection":[{"href":"https:\/\/streetmarkets.fr\/app\/wp-json\/wp\/v2\/product"}],"about":[{"href":"https:\/\/streetmarkets.fr\/app\/wp-json\/wp\/v2\/types\/product"}],"replies":[{"embeddable":true,"href":"https:\/\/streetmarkets.fr\/app\/wp-json\/wp\/v2\/comments?post=708275"}],"wp:featuredmedia":[{"embeddable":true,"href":"https:\/\/streetmarkets.fr\/app\/wp-json\/wp\/v2\/media\/708276"}],"wp:attachment":[{"href":"https:\/\/streetmarkets.fr\/app\/wp-json\/wp\/v2\/media?parent=708275"}],"wp:term":[{"taxonomy":"product_brand","embeddable":true,"href":"https:\/\/streetmarkets.fr\/app\/wp-json\/wp\/v2\/product_brand?post=708275"},{"taxonomy":"product_cat","embeddable":true,"href":"https:\/\/streetmarkets.fr\/app\/wp-json\/wp\/v2\/product_cat?post=708275"},{"taxonomy":"product_tag","embeddable":true,"href":"https:\/\/streetmarkets.fr\/app\/wp-json\/wp\/v2\/product_tag?post=708275"}],"curies":[{"name":"wp","href":"https:\/\/api.w.org\/{rel}","templated":true}]}}