{"id":708266,"date":"2024-10-15T16:44:05","date_gmt":"2024-10-15T14:44:05","guid":{"rendered":"https:\/\/streetmarkets.fr\/app\/produit\/pull-greenville-kaki-masscob\/"},"modified":"2026-05-09T02:02:30","modified_gmt":"2026-05-09T00:02:30","slug":"pull-greenville-kaki-masscob","status":"publish","type":"product","link":"https:\/\/streetmarkets.fr\/app\/produit\/pull-greenville-kaki-masscob\/","title":{"rendered":"Pull Greenville Kaki Masscob"},"content":{"rendered":"<p class=\"\">Pull coupe ample et droite, encolure l\u00e9g\u00e8rement arrondie, manches longues, tout doux et tr\u00e8s \u00e9l\u00e9gant. Egalement disponible en Noisette.<\/p>\n<p class=\"\">D\u00e9tail : 35% laine extrafine m\u00e9rinos, 35% polyamide, 30% baby alpaga<\/p>\n","protected":false},"excerpt":{"rendered":"<p>Pull coupe ample et droite, encolure l\u00e9g\u00e8rement arrondie, manches longues, tout doux et tr\u00e8s \u00e9l\u00e9gant. Egalement disponible en Noisette. D\u00e9tail : 35% laine extrafine m\u00e9rinos, 35% polyamide, 30% baby alpaga<\/p>\n","protected":false},"featured_media":708267,"comment_status":"open","ping_status":"closed","template":"","meta":[],"product_brand":[],"product_cat":[1756,1758],"product_tag":[2244],"acf":[],"_links":{"self":[{"href":"https:\/\/streetmarkets.fr\/app\/wp-json\/wp\/v2\/product\/708266"}],"collection":[{"href":"https:\/\/streetmarkets.fr\/app\/wp-json\/wp\/v2\/product"}],"about":[{"href":"https:\/\/streetmarkets.fr\/app\/wp-json\/wp\/v2\/types\/product"}],"replies":[{"embeddable":true,"href":"https:\/\/streetmarkets.fr\/app\/wp-json\/wp\/v2\/comments?post=708266"}],"wp:featuredmedia":[{"embeddable":true,"href":"https:\/\/streetmarkets.fr\/app\/wp-json\/wp\/v2\/media\/708267"}],"wp:attachment":[{"href":"https:\/\/streetmarkets.fr\/app\/wp-json\/wp\/v2\/media?parent=708266"}],"wp:term":[{"taxonomy":"product_brand","embeddable":true,"href":"https:\/\/streetmarkets.fr\/app\/wp-json\/wp\/v2\/product_brand?post=708266"},{"taxonomy":"product_cat","embeddable":true,"href":"https:\/\/streetmarkets.fr\/app\/wp-json\/wp\/v2\/product_cat?post=708266"},{"taxonomy":"product_tag","embeddable":true,"href":"https:\/\/streetmarkets.fr\/app\/wp-json\/wp\/v2\/product_tag?post=708266"}],"curies":[{"name":"wp","href":"https:\/\/api.w.org\/{rel}","templated":true}]}}