{"id":708235,"date":"2024-10-15T16:44:02","date_gmt":"2024-10-15T14:44:02","guid":{"rendered":"https:\/\/streetmarkets.fr\/app\/produit\/trench-flora-walnut-masscob\/"},"modified":"2026-05-09T02:02:29","modified_gmt":"2026-05-09T00:02:29","slug":"trench-flora-walnut-masscob","status":"publish","type":"product","link":"https:\/\/streetmarkets.fr\/app\/produit\/trench-flora-walnut-masscob\/","title":{"rendered":"Trench Flora Walnut Masscob"},"content":{"rendered":"<p class=\"\">Trench coupe ample, col haut, manches longues, emmanchure large, une poche avec rabat sur le devant, boutons pressions sur toute la hauteur devant. \u00c9l\u00e9gance et d\u00e9contraction. Deperlant.<\/p>\n<p class=\"\">TAILLE UNIQUE XS\/S Taille tr\u00e8s grand convient du 34 au 40. <\/p>\n<p class=\"\">D\u00e9tail : 45% coton, 16% nylon, 39% polyester<\/p>\n","protected":false},"excerpt":{"rendered":"<p>Trench coupe ample, col haut, manches longues, emmanchure large, une poche avec rabat sur le devant, boutons pressions sur toute la hauteur devant. \u00c9l\u00e9gance et d\u00e9contraction. Deperlant. TAILLE UNIQUE XS\/S Taille tr\u00e8s grand convient du 34 au 40. D\u00e9tail : 45% coton, 16% nylon, 39% polyester<\/p>\n","protected":false},"featured_media":708236,"comment_status":"open","ping_status":"closed","template":"","meta":[],"product_brand":[],"product_cat":[1756,1758],"product_tag":[2244],"acf":[],"_links":{"self":[{"href":"https:\/\/streetmarkets.fr\/app\/wp-json\/wp\/v2\/product\/708235"}],"collection":[{"href":"https:\/\/streetmarkets.fr\/app\/wp-json\/wp\/v2\/product"}],"about":[{"href":"https:\/\/streetmarkets.fr\/app\/wp-json\/wp\/v2\/types\/product"}],"replies":[{"embeddable":true,"href":"https:\/\/streetmarkets.fr\/app\/wp-json\/wp\/v2\/comments?post=708235"}],"wp:featuredmedia":[{"embeddable":true,"href":"https:\/\/streetmarkets.fr\/app\/wp-json\/wp\/v2\/media\/708236"}],"wp:attachment":[{"href":"https:\/\/streetmarkets.fr\/app\/wp-json\/wp\/v2\/media?parent=708235"}],"wp:term":[{"taxonomy":"product_brand","embeddable":true,"href":"https:\/\/streetmarkets.fr\/app\/wp-json\/wp\/v2\/product_brand?post=708235"},{"taxonomy":"product_cat","embeddable":true,"href":"https:\/\/streetmarkets.fr\/app\/wp-json\/wp\/v2\/product_cat?post=708235"},{"taxonomy":"product_tag","embeddable":true,"href":"https:\/\/streetmarkets.fr\/app\/wp-json\/wp\/v2\/product_tag?post=708235"}],"curies":[{"name":"wp","href":"https:\/\/api.w.org\/{rel}","templated":true}]}}