{"id":708151,"date":"2024-10-15T16:43:23","date_gmt":"2024-10-15T14:43:23","guid":{"rendered":"https:\/\/streetmarkets.fr\/app\/produit\/kimono-kensi-jacket-cream-palm-xirena-70\/"},"modified":"2026-05-09T02:02:28","modified_gmt":"2026-05-09T00:02:28","slug":"kimono-kensi-jacket-cream-palm-xirena-70","status":"publish","type":"product","link":"https:\/\/streetmarkets.fr\/app\/produit\/kimono-kensi-jacket-cream-palm-xirena-70\/","title":{"rendered":"XIRENA Kimono Kensi Jacket Cream Palm -70%"},"content":{"rendered":"<p class=\"\">Kimono coupe ample et fluide, \u00e0 motif floral ton su ton brod\u00e9, manches longues, emmanchure large.<\/p>\n<p class=\"\">D\u00e9tail : 60% viscose, 40% rayon <\/p>\n","protected":false},"excerpt":{"rendered":"<p>Kimono coupe ample et fluide, \u00e0 motif floral ton su ton brod\u00e9, manches longues, emmanchure large. D\u00e9tail : 60% viscose, 40% rayon<\/p>\n","protected":false},"featured_media":708152,"comment_status":"open","ping_status":"closed","template":"","meta":[],"product_brand":[],"product_cat":[1756,1758],"product_tag":[2244],"acf":[],"_links":{"self":[{"href":"https:\/\/streetmarkets.fr\/app\/wp-json\/wp\/v2\/product\/708151"}],"collection":[{"href":"https:\/\/streetmarkets.fr\/app\/wp-json\/wp\/v2\/product"}],"about":[{"href":"https:\/\/streetmarkets.fr\/app\/wp-json\/wp\/v2\/types\/product"}],"replies":[{"embeddable":true,"href":"https:\/\/streetmarkets.fr\/app\/wp-json\/wp\/v2\/comments?post=708151"}],"wp:featuredmedia":[{"embeddable":true,"href":"https:\/\/streetmarkets.fr\/app\/wp-json\/wp\/v2\/media\/708152"}],"wp:attachment":[{"href":"https:\/\/streetmarkets.fr\/app\/wp-json\/wp\/v2\/media?parent=708151"}],"wp:term":[{"taxonomy":"product_brand","embeddable":true,"href":"https:\/\/streetmarkets.fr\/app\/wp-json\/wp\/v2\/product_brand?post=708151"},{"taxonomy":"product_cat","embeddable":true,"href":"https:\/\/streetmarkets.fr\/app\/wp-json\/wp\/v2\/product_cat?post=708151"},{"taxonomy":"product_tag","embeddable":true,"href":"https:\/\/streetmarkets.fr\/app\/wp-json\/wp\/v2\/product_tag?post=708151"}],"curies":[{"name":"wp","href":"https:\/\/api.w.org\/{rel}","templated":true}]}}