{"id":708115,"date":"2024-10-15T16:43:20","date_gmt":"2024-10-15T14:43:20","guid":{"rendered":"https:\/\/streetmarkets.fr\/app\/produit\/robe-valence-green-flower-belle-piece\/"},"modified":"2026-05-09T02:02:28","modified_gmt":"2026-05-09T00:02:28","slug":"robe-valence-green-flower-belle-piece","status":"publish","type":"product","link":"https:\/\/streetmarkets.fr\/app\/produit\/robe-valence-green-flower-belle-piece\/","title":{"rendered":"Robe Valence Green Flower Belle Pi\u00e8ce"},"content":{"rendered":"<p class=\"\">Robe coupe ample, motif floral, ouverture boutonn\u00e9e devant. Volants sur le col et la patte de boutonnage, volants sur les \u00e9paules et poches lat\u00e9rales, douce et l\u00e9g\u00e8re. <\/p>\n<p class=\"\">D\u00e9tail : 100% coton<\/p>\n","protected":false},"excerpt":{"rendered":"<p>Robe coupe ample, motif floral, ouverture boutonn\u00e9e devant. Volants sur le col et la patte de boutonnage, volants sur les \u00e9paules et poches lat\u00e9rales, douce et l\u00e9g\u00e8re. D\u00e9tail : 100% coton<\/p>\n","protected":false},"featured_media":708116,"comment_status":"open","ping_status":"closed","template":"","meta":[],"product_brand":[],"product_cat":[1756,1758],"product_tag":[2244],"acf":[],"_links":{"self":[{"href":"https:\/\/streetmarkets.fr\/app\/wp-json\/wp\/v2\/product\/708115"}],"collection":[{"href":"https:\/\/streetmarkets.fr\/app\/wp-json\/wp\/v2\/product"}],"about":[{"href":"https:\/\/streetmarkets.fr\/app\/wp-json\/wp\/v2\/types\/product"}],"replies":[{"embeddable":true,"href":"https:\/\/streetmarkets.fr\/app\/wp-json\/wp\/v2\/comments?post=708115"}],"wp:featuredmedia":[{"embeddable":true,"href":"https:\/\/streetmarkets.fr\/app\/wp-json\/wp\/v2\/media\/708116"}],"wp:attachment":[{"href":"https:\/\/streetmarkets.fr\/app\/wp-json\/wp\/v2\/media?parent=708115"}],"wp:term":[{"taxonomy":"product_brand","embeddable":true,"href":"https:\/\/streetmarkets.fr\/app\/wp-json\/wp\/v2\/product_brand?post=708115"},{"taxonomy":"product_cat","embeddable":true,"href":"https:\/\/streetmarkets.fr\/app\/wp-json\/wp\/v2\/product_cat?post=708115"},{"taxonomy":"product_tag","embeddable":true,"href":"https:\/\/streetmarkets.fr\/app\/wp-json\/wp\/v2\/product_tag?post=708115"}],"curies":[{"name":"wp","href":"https:\/\/api.w.org\/{rel}","templated":true}]}}