{"id":708078,"date":"2024-10-15T16:43:17","date_gmt":"2024-10-15T14:43:17","guid":{"rendered":"https:\/\/streetmarkets.fr\/app\/produit\/robe-leo-the-new-society-prix-braderie\/"},"modified":"2026-01-21T01:03:24","modified_gmt":"2026-01-21T00:03:24","slug":"robe-leo-the-new-society-prix-braderie","status":"publish","type":"product","link":"https:\/\/streetmarkets.fr\/app\/produit\/robe-leo-the-new-society-prix-braderie\/","title":{"rendered":"THE NEW SOCIETY Robe Leo PRIX BRADERIE"},"content":{"rendered":"<p class=\"\">Robe cache-coeur en coton \u00e0 motif l\u00e9opard, ajust\u00e9e \u00e0 la taille, manches ballons, fermeture par boutons pressions liens \u00e0 nouer. Fraiche et l\u00e9g\u00e8re.<\/p>\n<p class=\"\">D\u00e9tail : 100% coton<\/p>\n","protected":false},"excerpt":{"rendered":"<p>Robe cache-coeur en coton \u00e0 motif l\u00e9opard, ajust\u00e9e \u00e0 la taille, manches ballons, fermeture par boutons pressions liens \u00e0 nouer. Fraiche et l\u00e9g\u00e8re. D\u00e9tail : 100% coton<\/p>\n","protected":false},"featured_media":708079,"comment_status":"open","ping_status":"closed","template":"","meta":[],"product_brand":[],"product_cat":[1756,1758],"product_tag":[2244],"acf":[],"_links":{"self":[{"href":"https:\/\/streetmarkets.fr\/app\/wp-json\/wp\/v2\/product\/708078"}],"collection":[{"href":"https:\/\/streetmarkets.fr\/app\/wp-json\/wp\/v2\/product"}],"about":[{"href":"https:\/\/streetmarkets.fr\/app\/wp-json\/wp\/v2\/types\/product"}],"replies":[{"embeddable":true,"href":"https:\/\/streetmarkets.fr\/app\/wp-json\/wp\/v2\/comments?post=708078"}],"wp:featuredmedia":[{"embeddable":true,"href":"https:\/\/streetmarkets.fr\/app\/wp-json\/wp\/v2\/media\/708079"}],"wp:attachment":[{"href":"https:\/\/streetmarkets.fr\/app\/wp-json\/wp\/v2\/media?parent=708078"}],"wp:term":[{"taxonomy":"product_brand","embeddable":true,"href":"https:\/\/streetmarkets.fr\/app\/wp-json\/wp\/v2\/product_brand?post=708078"},{"taxonomy":"product_cat","embeddable":true,"href":"https:\/\/streetmarkets.fr\/app\/wp-json\/wp\/v2\/product_cat?post=708078"},{"taxonomy":"product_tag","embeddable":true,"href":"https:\/\/streetmarkets.fr\/app\/wp-json\/wp\/v2\/product_tag?post=708078"}],"curies":[{"name":"wp","href":"https:\/\/api.w.org\/{rel}","templated":true}]}}