{"id":708055,"date":"2024-10-15T16:43:15","date_gmt":"2024-10-15T14:43:15","guid":{"rendered":"https:\/\/streetmarkets.fr\/app\/produit\/jean-timael-noir-vanessa-bruno-50\/"},"modified":"2026-01-21T01:03:23","modified_gmt":"2026-01-21T00:03:23","slug":"jean-timael-noir-vanessa-bruno-50","status":"publish","type":"product","link":"https:\/\/streetmarkets.fr\/app\/produit\/jean-timael-noir-vanessa-bruno-50\/","title":{"rendered":"VANESSA BRUNO Jean Timael Noir &#8211; 50%"},"content":{"rendered":"<p class=\"\">Jean coupe droite 90, jambe droite et 7\/8 \u00e8me, deux poches lat\u00e9rales et deux poches plaqu\u00e9es dans le dos.<\/p>\n<p class=\"\">D\u00e9tail : 99% coton, 1% elastan<\/p>\n","protected":false},"excerpt":{"rendered":"<p>Jean coupe droite 90, jambe droite et 7\/8 \u00e8me, deux poches lat\u00e9rales et deux poches plaqu\u00e9es dans le dos. D\u00e9tail : 99% coton, 1% elastan<\/p>\n","protected":false},"featured_media":708056,"comment_status":"open","ping_status":"closed","template":"","meta":[],"product_brand":[],"product_cat":[1756,1758],"product_tag":[2244],"acf":[],"_links":{"self":[{"href":"https:\/\/streetmarkets.fr\/app\/wp-json\/wp\/v2\/product\/708055"}],"collection":[{"href":"https:\/\/streetmarkets.fr\/app\/wp-json\/wp\/v2\/product"}],"about":[{"href":"https:\/\/streetmarkets.fr\/app\/wp-json\/wp\/v2\/types\/product"}],"replies":[{"embeddable":true,"href":"https:\/\/streetmarkets.fr\/app\/wp-json\/wp\/v2\/comments?post=708055"}],"wp:featuredmedia":[{"embeddable":true,"href":"https:\/\/streetmarkets.fr\/app\/wp-json\/wp\/v2\/media\/708056"}],"wp:attachment":[{"href":"https:\/\/streetmarkets.fr\/app\/wp-json\/wp\/v2\/media?parent=708055"}],"wp:term":[{"taxonomy":"product_brand","embeddable":true,"href":"https:\/\/streetmarkets.fr\/app\/wp-json\/wp\/v2\/product_brand?post=708055"},{"taxonomy":"product_cat","embeddable":true,"href":"https:\/\/streetmarkets.fr\/app\/wp-json\/wp\/v2\/product_cat?post=708055"},{"taxonomy":"product_tag","embeddable":true,"href":"https:\/\/streetmarkets.fr\/app\/wp-json\/wp\/v2\/product_tag?post=708055"}],"curies":[{"name":"wp","href":"https:\/\/api.w.org\/{rel}","templated":true}]}}