{"id":707864,"date":"2024-10-15T16:42:20","date_gmt":"2024-10-15T14:42:20","guid":{"rendered":"https:\/\/streetmarkets.fr\/app\/produit\/pull-en-lin-sky-blue-pomandere-40\/"},"modified":"2025-02-26T01:01:20","modified_gmt":"2025-02-26T00:01:20","slug":"pull-en-lin-sky-blue-pomandere-40","status":"publish","type":"product","link":"https:\/\/streetmarkets.fr\/app\/produit\/pull-en-lin-sky-blue-pomandere-40\/","title":{"rendered":"POMAND\u00c8RE Pull En Lin Sky Blue -40%"},"content":{"rendered":"<p class=\"\">Pull en lin, coupe ample, manches longues et poignets resserr\u00e9s, emmanchure large. Encolure arrondie. \u00c9galement disponible dans la couleur Dove Gray.<\/p>\n<p class=\"\">D\u00e9tail :  55% lin, 45% polyester <\/p>\n","protected":false},"excerpt":{"rendered":"<p>Pull en lin, coupe ample, manches longues et poignets resserr\u00e9s, emmanchure large. Encolure arrondie. \u00c9galement disponible dans la couleur Dove Gray. D\u00e9tail : 55% lin, 45% polyester<\/p>\n","protected":false},"featured_media":707865,"comment_status":"open","ping_status":"closed","template":"","meta":[],"product_brand":[],"product_cat":[1756,1762],"product_tag":[2244],"acf":[],"_links":{"self":[{"href":"https:\/\/streetmarkets.fr\/app\/wp-json\/wp\/v2\/product\/707864"}],"collection":[{"href":"https:\/\/streetmarkets.fr\/app\/wp-json\/wp\/v2\/product"}],"about":[{"href":"https:\/\/streetmarkets.fr\/app\/wp-json\/wp\/v2\/types\/product"}],"replies":[{"embeddable":true,"href":"https:\/\/streetmarkets.fr\/app\/wp-json\/wp\/v2\/comments?post=707864"}],"wp:featuredmedia":[{"embeddable":true,"href":"https:\/\/streetmarkets.fr\/app\/wp-json\/wp\/v2\/media\/707865"}],"wp:attachment":[{"href":"https:\/\/streetmarkets.fr\/app\/wp-json\/wp\/v2\/media?parent=707864"}],"wp:term":[{"taxonomy":"product_brand","embeddable":true,"href":"https:\/\/streetmarkets.fr\/app\/wp-json\/wp\/v2\/product_brand?post=707864"},{"taxonomy":"product_cat","embeddable":true,"href":"https:\/\/streetmarkets.fr\/app\/wp-json\/wp\/v2\/product_cat?post=707864"},{"taxonomy":"product_tag","embeddable":true,"href":"https:\/\/streetmarkets.fr\/app\/wp-json\/wp\/v2\/product_tag?post=707864"}],"curies":[{"name":"wp","href":"https:\/\/api.w.org\/{rel}","templated":true}]}}