{"id":707840,"date":"2024-10-15T16:42:19","date_gmt":"2024-10-15T14:42:19","guid":{"rendered":"https:\/\/streetmarkets.fr\/app\/produit\/veste-dante-cannuccia-the-new-society-60\/"},"modified":"2026-04-22T02:01:28","modified_gmt":"2026-04-22T00:01:28","slug":"veste-dante-cannuccia-the-new-society-60","status":"publish","type":"product","link":"https:\/\/streetmarkets.fr\/app\/produit\/veste-dante-cannuccia-the-new-society-60\/","title":{"rendered":"THE NEW SOCIETY Veste Dante Cannuccia -60%"},"content":{"rendered":"<p class=\"\">Veste denim en coton, coupe ample, manches longues et emmanchure large. poignets resserr\u00e9s. Boutonnage crois\u00e9 devant. <\/p>\n<p class=\"\">D\u00e9tail : 100% BCI coton<\/p>\n","protected":false},"excerpt":{"rendered":"<p>Veste denim en coton, coupe ample, manches longues et emmanchure large. poignets resserr\u00e9s. Boutonnage crois\u00e9 devant. D\u00e9tail : 100% BCI coton<\/p>\n","protected":false},"featured_media":707841,"comment_status":"open","ping_status":"closed","template":"","meta":[],"product_brand":[],"product_cat":[1756,1762],"product_tag":[2244],"acf":[],"_links":{"self":[{"href":"https:\/\/streetmarkets.fr\/app\/wp-json\/wp\/v2\/product\/707840"}],"collection":[{"href":"https:\/\/streetmarkets.fr\/app\/wp-json\/wp\/v2\/product"}],"about":[{"href":"https:\/\/streetmarkets.fr\/app\/wp-json\/wp\/v2\/types\/product"}],"replies":[{"embeddable":true,"href":"https:\/\/streetmarkets.fr\/app\/wp-json\/wp\/v2\/comments?post=707840"}],"wp:featuredmedia":[{"embeddable":true,"href":"https:\/\/streetmarkets.fr\/app\/wp-json\/wp\/v2\/media\/707841"}],"wp:attachment":[{"href":"https:\/\/streetmarkets.fr\/app\/wp-json\/wp\/v2\/media?parent=707840"}],"wp:term":[{"taxonomy":"product_brand","embeddable":true,"href":"https:\/\/streetmarkets.fr\/app\/wp-json\/wp\/v2\/product_brand?post=707840"},{"taxonomy":"product_cat","embeddable":true,"href":"https:\/\/streetmarkets.fr\/app\/wp-json\/wp\/v2\/product_cat?post=707840"},{"taxonomy":"product_tag","embeddable":true,"href":"https:\/\/streetmarkets.fr\/app\/wp-json\/wp\/v2\/product_tag?post=707840"}],"curies":[{"name":"wp","href":"https:\/\/api.w.org\/{rel}","templated":true}]}}