{"id":707608,"date":"2024-10-15T16:41:20","date_gmt":"2024-10-15T14:41:20","guid":{"rendered":"https:\/\/streetmarkets.fr\/app\/produit\/sweat-bobypark-ecru-american-vintage-40\/"},"modified":"2024-11-04T01:01:33","modified_gmt":"2024-11-04T00:01:33","slug":"sweat-bobypark-ecru-american-vintage-40","status":"publish","type":"product","link":"https:\/\/streetmarkets.fr\/app\/produit\/sweat-bobypark-ecru-american-vintage-40\/","title":{"rendered":"Sweat Bobypark Ecru AMERICAN VINTAGE -40%"},"content":{"rendered":"<p class=\"\">Sweat en coton bouclette \u00e0 capuche zipp\u00e9, coupe ample, manches longues, emmanchure large et poignets resserr\u00e9s. Cool et cocooning.<\/p>\n<p class=\"\">D\u00e9tail : 100% coton<\/p>\n","protected":false},"excerpt":{"rendered":"<p>Sweat en coton bouclette \u00e0 capuche zipp\u00e9, coupe ample, manches longues, emmanchure large et poignets resserr\u00e9s. Cool et cocooning. D\u00e9tail : 100% coton<\/p>\n","protected":false},"featured_media":707609,"comment_status":"open","ping_status":"closed","template":"","meta":[],"product_brand":[7130],"product_cat":[1756,1758],"product_tag":[2244],"acf":[],"_links":{"self":[{"href":"https:\/\/streetmarkets.fr\/app\/wp-json\/wp\/v2\/product\/707608"}],"collection":[{"href":"https:\/\/streetmarkets.fr\/app\/wp-json\/wp\/v2\/product"}],"about":[{"href":"https:\/\/streetmarkets.fr\/app\/wp-json\/wp\/v2\/types\/product"}],"replies":[{"embeddable":true,"href":"https:\/\/streetmarkets.fr\/app\/wp-json\/wp\/v2\/comments?post=707608"}],"wp:featuredmedia":[{"embeddable":true,"href":"https:\/\/streetmarkets.fr\/app\/wp-json\/wp\/v2\/media\/707609"}],"wp:attachment":[{"href":"https:\/\/streetmarkets.fr\/app\/wp-json\/wp\/v2\/media?parent=707608"}],"wp:term":[{"taxonomy":"product_brand","embeddable":true,"href":"https:\/\/streetmarkets.fr\/app\/wp-json\/wp\/v2\/product_brand?post=707608"},{"taxonomy":"product_cat","embeddable":true,"href":"https:\/\/streetmarkets.fr\/app\/wp-json\/wp\/v2\/product_cat?post=707608"},{"taxonomy":"product_tag","embeddable":true,"href":"https:\/\/streetmarkets.fr\/app\/wp-json\/wp\/v2\/product_tag?post=707608"}],"curies":[{"name":"wp","href":"https:\/\/api.w.org\/{rel}","templated":true}]}}